Last updated on 2020-01-20 01:50:15 CET.
Flavor | Version | Tinstall | Tcheck | Ttotal | Status | Flags |
---|---|---|---|---|---|---|
r-devel-linux-x86_64-debian-clang | 0.3.14 | 8.47 | 55.52 | 63.99 | OK | |
r-devel-linux-x86_64-debian-gcc | 0.3.14 | 6.76 | 42.31 | 49.07 | OK | |
r-devel-linux-x86_64-fedora-clang | 0.3.14 | 78.55 | NOTE | |||
r-devel-linux-x86_64-fedora-gcc | 0.3.14 | 75.39 | NOTE | |||
r-devel-windows-ix86+x86_64 | 0.3.14 | 28.00 | 118.00 | 146.00 | OK | |
r-devel-windows-ix86+x86_64-gcc8 | 0.3.14 | 26.00 | 118.00 | 144.00 | OK | |
r-patched-linux-x86_64 | 0.3.14 | 5.88 | 49.20 | 55.08 | OK | |
r-patched-solaris-x86 | 0.3.14 | 102.50 | NOTE | |||
r-release-linux-x86_64 | 0.3.14 | 6.29 | 49.49 | 55.78 | OK | |
r-release-windows-ix86+x86_64 | 0.3.14 | 21.00 | 114.00 | 135.00 | OK | |
r-release-osx-x86_64 | 0.3.14 | NOTE | ||||
r-oldrel-windows-ix86+x86_64 | 0.3.14 | 14.00 | 124.00 | 138.00 | OK | |
r-oldrel-osx-x86_64 | 0.3.14 | NOTE |
Version: 0.3.14
Check: dependencies in R code
Result: NOTE
Namespace in Imports field not imported from: ‘filehash’
All declared Imports should be used.
Flavors: r-devel-linux-x86_64-fedora-clang, r-devel-linux-x86_64-fedora-gcc, r-patched-solaris-x86
Version: 0.3.14
Check: dependencies in R code
Result: NOTE
No protocol specified
No protocol specified
No protocol specified
No protocol specified
Namespace in Imports field not imported from: ‘filehash’
All declared Imports should be used.
Flavors: r-release-osx-x86_64, r-oldrel-osx-x86_64