Last updated on 2020-01-20 01:50:15 CET.
Flavor | Version | Tinstall | Tcheck | Ttotal | Status | Flags |
---|---|---|---|---|---|---|
r-devel-linux-x86_64-debian-clang | 0.1.4 | 6.02 | 38.64 | 44.66 | OK | |
r-devel-linux-x86_64-debian-gcc | 0.1.4 | 5.30 | 29.99 | 35.29 | OK | |
r-devel-linux-x86_64-fedora-clang | 0.1.4 | 55.59 | OK | |||
r-devel-linux-x86_64-fedora-gcc | 0.1.4 | 52.91 | OK | |||
r-devel-windows-ix86+x86_64 | 0.1.4 | 21.00 | 75.00 | 96.00 | OK | |
r-devel-windows-ix86+x86_64-gcc8 | 0.1.4 | 12.00 | 64.00 | 76.00 | OK | |
r-patched-linux-x86_64 | 0.1.4 | 4.87 | 34.93 | 39.80 | OK | |
r-patched-solaris-x86 | 0.1.4 | 68.00 | OK | |||
r-release-linux-x86_64 | 0.1.4 | 5.04 | 34.79 | 39.83 | OK | |
r-release-windows-ix86+x86_64 | 0.1.4 | 16.00 | 44.00 | 60.00 | OK | |
r-release-osx-x86_64 | 0.1.4 | WARN | ||||
r-oldrel-windows-ix86+x86_64 | 0.1.4 | 7.00 | 47.00 | 54.00 | OK | |
r-oldrel-osx-x86_64 | 0.1.4 | OK |
Version: 0.1.4
Check: re-building of vignette outputs
Result: WARN
Error(s) in re-building vignettes:
...
--- re-building ‘amigaDiskFiles.Rmd’ using rmarkdown
Warning in engine$weave(file, quiet = quiet, encoding = enc) :
Pandoc (>= 1.12.3) and/or pandoc-citeproc not available. Falling back to R Markdown v1.
Error: processing vignette 'amigaDiskFiles.Rmd' failed with diagnostics:
there is no package called 'stringi'
--- failed re-building ‘amigaDiskFiles.Rmd’
SUMMARY: processing the following file failed:
‘amigaDiskFiles.Rmd’
Error: Vignette re-building failed.
Execution halted
Flavor: r-release-osx-x86_64