Last updated on 2020-01-20 01:50:15 CET.
Flavor | Version | Tinstall | Tcheck | Ttotal | Status | Flags |
---|---|---|---|---|---|---|
r-devel-linux-x86_64-debian-clang | 0.1.1 | 29.43 | 40.54 | 69.97 | OK | |
r-devel-linux-x86_64-debian-gcc | 0.1.1 | 25.46 | 29.31 | 54.77 | OK | |
r-devel-linux-x86_64-fedora-clang | 0.1.1 | 88.91 | OK | |||
r-devel-linux-x86_64-fedora-gcc | 0.1.1 | 94.72 | OK | |||
r-devel-windows-ix86+x86_64 | 0.1.1 | 70.00 | 116.00 | 186.00 | OK | |
r-devel-windows-ix86+x86_64-gcc8 | 0.1.1 | 57.00 | 108.00 | 165.00 | OK | |
r-patched-linux-x86_64 | 0.1.1 | 26.21 | 36.01 | 62.22 | OK | |
r-patched-solaris-x86 | 0.1.1 | 112.40 | OK | |||
r-release-linux-x86_64 | 0.1.1 | 26.81 | 36.32 | 63.13 | OK | |
r-release-windows-ix86+x86_64 | 0.1.1 | 72.00 | 81.00 | 153.00 | OK | |
r-release-osx-x86_64 | 0.1.1 | WARN | ||||
r-oldrel-windows-ix86+x86_64 | 0.1.1 | 45.00 | 78.00 | 123.00 | OK | |
r-oldrel-osx-x86_64 | 0.1.1 | OK |
Version: 0.1.1
Check: re-building of vignette outputs
Result: WARN
Error(s) in re-building vignettes:
...
--- re-building ‘adpss_ex.Rmd’ using rmarkdown
Warning in engine$weave(file, quiet = quiet, encoding = enc) :
Pandoc (>= 1.12.3) and/or pandoc-citeproc not available. Falling back to R Markdown v1.
Error: processing vignette 'adpss_ex.Rmd' failed with diagnostics:
there is no package called 'stringi'
--- failed re-building ‘adpss_ex.Rmd’
SUMMARY: processing the following file failed:
‘adpss_ex.Rmd’
Error: Vignette re-building failed.
Execution halted
Flavor: r-release-osx-x86_64