CRAN Package Check Results for Package afmToolkit

Last updated on 2020-01-20 01:50:15 CET.

Flavor Version Tinstall Tcheck Ttotal Status Flags
r-devel-linux-x86_64-debian-clang 0.0.1 7.16 59.85 67.01 OK
r-devel-linux-x86_64-debian-gcc 0.0.1 5.82 49.89 55.71 OK
r-devel-linux-x86_64-fedora-clang 0.0.1 88.77 NOTE
r-devel-linux-x86_64-fedora-gcc 0.0.1 82.71 NOTE
r-devel-windows-ix86+x86_64 0.0.1 21.00 102.00 123.00 OK
r-devel-windows-ix86+x86_64-gcc8 0.0.1 15.00 85.00 100.00 OK
r-patched-linux-x86_64 0.0.1 6.52 59.09 65.61 OK
r-patched-solaris-x86 0.0.1 112.70 NOTE
r-release-linux-x86_64 0.0.1 6.85 59.64 66.49 OK
r-release-windows-ix86+x86_64 0.0.1 23.00 108.00 131.00 OK
r-release-osx-x86_64 0.0.1 NOTE
r-oldrel-windows-ix86+x86_64 0.0.1 8.00 65.00 73.00 OK
r-oldrel-osx-x86_64 0.0.1 NOTE

Check Details

Version: 0.0.1
Check: dependencies in R code
Result: NOTE
    Namespaces in Imports field not imported from:
     ‘DBI’ ‘assertthat’ ‘tibble’
     All declared Imports should be used.
Flavors: r-devel-linux-x86_64-fedora-clang, r-devel-linux-x86_64-fedora-gcc, r-patched-solaris-x86, r-release-osx-x86_64, r-oldrel-osx-x86_64