Last updated on 2020-01-20 01:50:15 CET.
Flavor | Version | Tinstall | Tcheck | Ttotal | Status | Flags |
---|---|---|---|---|---|---|
r-devel-linux-x86_64-debian-clang | 1.0.0 | 3.15 | 83.39 | 86.54 | OK | |
r-devel-linux-x86_64-debian-gcc | 1.0.0 | 3.01 | 63.52 | 66.53 | OK | |
r-devel-linux-x86_64-fedora-clang | 1.0.0 | 104.35 | OK | |||
r-devel-linux-x86_64-fedora-gcc | 1.0.0 | 101.14 | OK | |||
r-devel-windows-ix86+x86_64 | 1.0.0 | 10.00 | 129.00 | 139.00 | OK | |
r-devel-windows-ix86+x86_64-gcc8 | 1.0.0 | 7.00 | 112.00 | 119.00 | OK | |
r-patched-linux-x86_64 | 1.0.0 | 2.79 | 75.19 | 77.98 | OK | |
r-patched-solaris-x86 | 1.0.0 | 110.00 | OK | |||
r-release-linux-x86_64 | 1.0.0 | 2.98 | 76.20 | 79.18 | OK | |
r-release-windows-ix86+x86_64 | 1.0.0 | 11.00 | 123.00 | 134.00 | OK | |
r-release-osx-x86_64 | 1.0.0 | WARN | ||||
r-oldrel-windows-ix86+x86_64 | 1.0.0 | 4.00 | 79.00 | 83.00 | OK | |
r-oldrel-osx-x86_64 | 1.0.0 | OK |
Version: 1.0.0
Check: re-building of vignette outputs
Result: WARN
Error(s) in re-building vignettes:
--- re-building ‘afpt-aerodynamic-model.Rmd’ using rmarkdown
Warning in engine$weave(file, quiet = quiet, encoding = enc) :
Pandoc (>= 1.12.3) and/or pandoc-citeproc not available. Falling back to R Markdown v1.
Error: processing vignette 'afpt-aerodynamic-model.Rmd' failed with diagnostics:
there is no package called 'stringi'
--- failed re-building ‘afpt-aerodynamic-model.Rmd’
--- re-building ‘afpt-basic-usage.Rmd’ using rmarkdown
Warning in engine$weave(file, quiet = quiet, encoding = enc) :
Pandoc (>= 1.12.3) and/or pandoc-citeproc not available. Falling back to R Markdown v1.
Error: processing vignette 'afpt-basic-usage.Rmd' failed with diagnostics:
there is no package called 'stringi'
--- failed re-building ‘afpt-basic-usage.Rmd’
--- re-building ‘afpt-multiple-birds.Rmd’ using rmarkdown
Warning in engine$weave(file, quiet = quiet, encoding = enc) :
Pandoc (>= 1.12.3) and/or pandoc-citeproc not available. Falling back to R Markdown v1.
Error: processing vignette 'afpt-multiple-birds.Rmd' failed with diagnostics:
there is no package called 'stringi'
--- failed re-building ‘afpt-multiple-birds.Rmd’
SUMMARY: processing the following files failed:
‘afpt-aerodynamic-model.Rmd’ ‘afpt-basic-usage.Rmd’
‘afpt-multiple-birds.Rmd’
Error: Vignette re-building failed.
Execution halted
Flavor: r-release-osx-x86_64