CRAN Package Check Results for Package ahpsurvey

Last updated on 2020-01-20 01:50:15 CET.

Flavor Version Tinstall Tcheck Ttotal Status Flags
r-devel-linux-x86_64-debian-clang 0.4.1 5.08 95.89 100.97 OK
r-devel-linux-x86_64-debian-gcc 0.4.1 4.50 69.98 74.48 OK
r-devel-linux-x86_64-fedora-clang 0.4.1 116.41 NOTE
r-devel-linux-x86_64-fedora-gcc 0.4.1 112.40 NOTE
r-devel-windows-ix86+x86_64 0.4.1 17.00 152.00 169.00 OK
r-devel-windows-ix86+x86_64-gcc8 0.4.1 14.00 131.00 145.00 OK
r-patched-linux-x86_64 0.4.1 4.71 83.82 88.53 OK
r-patched-solaris-x86 0.4.1 145.40 NOTE
r-release-linux-x86_64 0.4.1 4.61 84.98 89.59 OK
r-release-windows-ix86+x86_64 0.4.1 15.00 140.00 155.00 OK
r-release-osx-x86_64 0.4.1 NOTE
r-oldrel-windows-ix86+x86_64 0.4.1 7.00 88.00 95.00 OK
r-oldrel-osx-x86_64 0.4.1 NOTE

Check Details

Version: 0.4.1
Check: dependencies in R code
Result: NOTE
    Namespaces in Imports field not imported from:
     ‘knitr’ ‘randomNames’ ‘tidyr’
     All declared Imports should be used.
Flavors: r-devel-linux-x86_64-fedora-clang, r-devel-linux-x86_64-fedora-gcc, r-patched-solaris-x86, r-release-osx-x86_64, r-oldrel-osx-x86_64