Last updated on 2020-01-20 01:50:15 CET.
Flavor | Version | Tinstall | Tcheck | Ttotal | Status | Flags |
---|---|---|---|---|---|---|
r-devel-linux-x86_64-debian-clang | 0.1.3 | 4.93 | 40.03 | 44.96 | OK | |
r-devel-linux-x86_64-debian-gcc | 0.1.3 | 3.35 | 31.40 | 34.75 | OK | |
r-devel-linux-x86_64-fedora-clang | 0.1.3 | 54.83 | NOTE | |||
r-devel-linux-x86_64-fedora-gcc | 0.1.3 | 52.35 | NOTE | |||
r-devel-windows-ix86+x86_64 | 0.1.3 | 15.00 | 78.00 | 93.00 | OK | |
r-devel-windows-ix86+x86_64-gcc8 | 0.1.3 | 12.00 | 65.00 | 77.00 | OK | |
r-patched-linux-x86_64 | 0.1.3 | 4.04 | 35.58 | 39.62 | OK | |
r-patched-solaris-x86 | 0.1.3 | 76.20 | NOTE | |||
r-release-linux-x86_64 | 0.1.3 | 4.25 | 35.79 | 40.04 | OK | |
r-release-windows-ix86+x86_64 | 0.1.3 | 16.00 | 71.00 | 87.00 | OK | |
r-release-osx-x86_64 | 0.1.3 | NOTE | ||||
r-oldrel-windows-ix86+x86_64 | 0.1.3 | 5.00 | 45.00 | 50.00 | OK | |
r-oldrel-osx-x86_64 | 0.1.3 | NOTE |
Version: 0.1.3
Check: data for non-ASCII characters
Result: NOTE
Note: found 710 marked UTF-8 strings
Flavors: r-devel-linux-x86_64-fedora-clang, r-devel-linux-x86_64-fedora-gcc, r-patched-solaris-x86, r-release-osx-x86_64, r-oldrel-osx-x86_64