Last updated on 2020-01-20 01:50:15 CET.
Flavor | Version | Tinstall | Tcheck | Ttotal | Status | Flags |
---|---|---|---|---|---|---|
r-devel-linux-x86_64-debian-clang | 0.2.2 | 46.43 | 158.52 | 204.95 | OK | |
r-devel-linux-x86_64-debian-gcc | 0.2.2 | 28.40 | 118.48 | 146.88 | OK | |
r-devel-linux-x86_64-fedora-clang | 0.2.2 | 263.79 | NOTE | |||
r-devel-linux-x86_64-fedora-gcc | 0.2.2 | 256.39 | NOTE | |||
r-devel-windows-ix86+x86_64 | 0.2.2 | 120.00 | 296.00 | 416.00 | OK | |
r-devel-windows-ix86+x86_64-gcc8 | 0.2.2 | 97.00 | 267.00 | 364.00 | OK | |
r-patched-linux-x86_64 | 0.2.2 | 31.14 | 158.46 | 189.60 | OK | |
r-patched-solaris-x86 | 0.2.2 | 480.40 | OK | |||
r-release-linux-x86_64 | 0.2.2 | 34.00 | 161.90 | 195.90 | OK | |
r-release-windows-ix86+x86_64 | 0.2.2 | 134.00 | 277.00 | 411.00 | OK | |
r-release-osx-x86_64 | 0.2.2 | OK | ||||
r-oldrel-windows-ix86+x86_64 | 0.2.2 | 70.00 | 222.00 | 292.00 | OK | |
r-oldrel-osx-x86_64 | 0.2.2 | OK |
Version: 0.2.2
Check: compiled code
Result: NOTE
File ‘alphabetr/libs/alphabetr.so’:
Found no calls to: ‘R_registerRoutines’, ‘R_useDynamicSymbols’
It is good practice to register native routines and to disable symbol
search.
See ‘Writing portable packages’ in the ‘Writing R Extensions’ manual.
Flavors: r-devel-linux-x86_64-fedora-clang, r-devel-linux-x86_64-fedora-gcc