Last updated on 2020-01-20 01:50:15 CET.
Flavor | Version | Tinstall | Tcheck | Ttotal | Status | Flags |
---|---|---|---|---|---|---|
r-devel-linux-x86_64-debian-clang | 0.0.7 | 56.82 | 218.68 | 275.50 | OK | |
r-devel-linux-x86_64-debian-gcc | 0.0.7 | 38.29 | 165.02 | 203.31 | OK | |
r-devel-linux-x86_64-fedora-clang | 0.0.7 | 333.20 | NOTE | |||
r-devel-linux-x86_64-fedora-gcc | 0.0.7 | 320.16 | NOTE | |||
r-devel-windows-ix86+x86_64 | 0.0.7 | 170.00 | 440.00 | 610.00 | OK | |
r-devel-windows-ix86+x86_64-gcc8 | 0.0.7 | 125.00 | 387.00 | 512.00 | OK | |
r-patched-linux-x86_64 | 0.0.7 | 43.95 | 187.63 | 231.58 | OK | |
r-patched-solaris-x86 | 0.0.7 | 402.00 | NOTE | |||
r-release-linux-x86_64 | 0.0.7 | 42.68 | 188.44 | 231.12 | OK | |
r-release-windows-ix86+x86_64 | 0.0.7 | 156.00 | 437.00 | 593.00 | OK | |
r-release-osx-x86_64 | 0.0.7 | NOTE | ||||
r-oldrel-windows-ix86+x86_64 | 0.0.7 | 77.00 | 265.00 | 342.00 | OK | |
r-oldrel-osx-x86_64 | 0.0.7 | NOTE |
Version: 0.0.7
Check: dependencies in R code
Result: NOTE
Namespaces in Imports field not imported from:
‘Rcpp’ ‘magrittr’
All declared Imports should be used.
Flavors: r-devel-linux-x86_64-fedora-clang, r-devel-linux-x86_64-fedora-gcc, r-patched-solaris-x86, r-release-osx-x86_64, r-oldrel-osx-x86_64