CRAN Package Check Results for Package analysisPipelines

Last updated on 2020-01-20 01:50:15 CET.

Flavor Version Tinstall Tcheck Ttotal Status Flags
r-devel-linux-x86_64-debian-clang 1.0.0 10.92 86.89 97.81 OK
r-devel-linux-x86_64-debian-gcc 1.0.0 8.73 66.32 75.05 OK
r-devel-linux-x86_64-fedora-clang 1.0.0 116.27 NOTE
r-devel-linux-x86_64-fedora-gcc 1.0.0 119.68 NOTE
r-devel-windows-ix86+x86_64 1.0.0 37.00 139.00 176.00 OK
r-devel-windows-ix86+x86_64-gcc8 1.0.0 25.00 120.00 145.00 OK
r-patched-linux-x86_64 1.0.0 8.49 76.22 84.71 OK
r-patched-solaris-x86 1.0.0 135.10 NOTE
r-release-linux-x86_64 1.0.0 9.30 76.24 85.54 OK
r-release-windows-ix86+x86_64 1.0.0 33.00 145.00 178.00 OK
r-release-osx-x86_64 1.0.0 NOTE
r-oldrel-windows-ix86+x86_64 1.0.0 39.00 80.00 119.00 OK
r-oldrel-osx-x86_64 1.0.0 NOTE

Check Details

Version: 1.0.0
Check: dependencies in R code
Result: NOTE
    Namespace in Imports field not imported from: ‘devtools’
     All declared Imports should be used.
Flavors: r-devel-linux-x86_64-fedora-clang, r-devel-linux-x86_64-fedora-gcc, r-patched-solaris-x86, r-release-osx-x86_64, r-oldrel-osx-x86_64