Last updated on 2020-01-20 01:50:15 CET.
Flavor | Version | Tinstall | Tcheck | Ttotal | Status | Flags |
---|---|---|---|---|---|---|
r-devel-linux-x86_64-debian-clang | 2.0.2 | 45.88 | 84.90 | 130.78 | OK | |
r-devel-linux-x86_64-debian-gcc | 2.0.2 | 29.33 | 65.73 | 95.06 | OK | |
r-devel-linux-x86_64-fedora-clang | 2.0.2 | 169.97 | WARN | |||
r-devel-linux-x86_64-fedora-gcc | 2.0.2 | 160.25 | OK | |||
r-devel-windows-ix86+x86_64 | 2.0.2 | 146.00 | 210.00 | 356.00 | NOTE | |
r-devel-windows-ix86+x86_64-gcc8 | 2.0.2 | 125.00 | 189.00 | 314.00 | NOTE | |
r-patched-linux-x86_64 | 2.0.2 | 32.34 | 74.42 | 106.76 | OK | |
r-patched-solaris-x86 | 2.0.2 | 187.50 | NOTE | |||
r-release-linux-x86_64 | 2.0.2 | 34.29 | 74.54 | 108.83 | OK | |
r-release-windows-ix86+x86_64 | 2.0.2 | 146.00 | 213.00 | 359.00 | NOTE | |
r-release-osx-x86_64 | 2.0.2 | NOTE | ||||
r-oldrel-windows-ix86+x86_64 | 2.0.2 | 101.00 | 142.00 | 243.00 | NOTE | |
r-oldrel-osx-x86_64 | 2.0.2 | NOTE |
Version: 2.0.2
Check: package dependencies
Result: WARN
Requires orphaned package: ‘robust’
Flavor: r-devel-linux-x86_64-fedora-clang
Version: 2.0.2
Check: installed package size
Result: NOTE
installed size is 6.5Mb
sub-directories of 1Mb or more:
data 4.2Mb
libs 1.8Mb
Flavors: r-devel-linux-x86_64-fedora-clang, r-devel-windows-ix86+x86_64, r-devel-windows-ix86+x86_64-gcc8, r-patched-solaris-x86, r-release-windows-ix86+x86_64, r-release-osx-x86_64, r-oldrel-windows-ix86+x86_64, r-oldrel-osx-x86_64