Last updated on 2020-01-20 01:50:15 CET.
Flavor | Version | Tinstall | Tcheck | Ttotal | Status | Flags |
---|---|---|---|---|---|---|
r-devel-linux-x86_64-debian-clang | 0.17.0 | 5.83 | 173.11 | 178.94 | OK | |
r-devel-linux-x86_64-debian-gcc | 0.17.0 | 5.71 | 175.94 | 181.65 | OK | |
r-devel-linux-x86_64-fedora-clang | 0.17.0 | 169.64 | OK | |||
r-devel-linux-x86_64-fedora-gcc | 0.17.0 | 217.95 | OK | |||
r-devel-windows-ix86+x86_64 | 0.17.0 | 19.00 | 209.00 | 228.00 | OK | |
r-devel-windows-ix86+x86_64-gcc8 | 0.17.0 | 14.00 | 183.00 | 197.00 | OK | |
r-patched-linux-x86_64 | 0.17.0 | 5.64 | 147.97 | 153.61 | OK | |
r-patched-solaris-x86 | 0.17.0 | 172.60 | OK | |||
r-release-linux-x86_64 | 0.17.0 | 6.03 | 152.04 | 158.07 | OK | |
r-release-windows-ix86+x86_64 | 0.17.0 | 19.00 | 200.00 | 219.00 | OK | |
r-release-osx-x86_64 | 0.17.0 | ERROR | ||||
r-oldrel-windows-ix86+x86_64 | 0.17.0 | 9.00 | 141.00 | 150.00 | OK | |
r-oldrel-osx-x86_64 | 0.17.0 | OK |
Version: 0.17.0
Check: package dependencies
Result: NOTE
Package suggested but not available for checking: ‘rhdf5’
Flavor: r-release-osx-x86_64
Version: 0.17.0
Check: tests
Result: ERROR
Running ‘testthat.R’ [80s/128s]
Running the tests in ‘tests/testthat.R’ failed.
Last 13 lines of output:
══ testthat results ═══════════════════════════════════════════════════════════
OK: 381 SKIPPED: 0 FAILED: 25
1. Error: h5 : processing correctBalance when mcYear is set to NULL (@test-correctBalance.R#72)
2. Error: h5 : processing correctBalance when mcYear is set to 1 (@test-correctBalance.R#108)
3. Error: h5 : processing correctBalance when mcYear is set to 1 for weekly or monthly data (@test-correctBalance.R#146)
4. Error: h5 : processing correctBalance when mcYear is set to 1 for monthly data on districts (@test-correctBalance.R#227)
5. Error: h5 : processing correctBalance with addProcessingH5 (@test-correctBalance.R#273)
6. Error: h5 : processing, write results (@test-h5_processing.R#4)
7. Error: h5 : processing, write results mcAll (@test-h5_processing.R#30)
8. Error: h5 : all data (@test-h5_processing.R#56)
9. Error: h5 : processing calc by user (@test-h5_processing.R#72)
1. ...
Error: testthat unit tests failed
Execution halted
Flavor: r-release-osx-x86_64