CRAN Package Check Results for Package apcf

Last updated on 2020-01-20 01:50:15 CET.

Flavor Version Tinstall Tcheck Ttotal Status Flags
r-devel-linux-x86_64-debian-clang 0.1.3 54.01 50.61 104.62 WARN
r-devel-linux-x86_64-debian-gcc 0.1.3 34.86 39.85 74.71 WARN
r-devel-linux-x86_64-fedora-clang 0.1.3 147.37 WARN
r-devel-linux-x86_64-fedora-gcc 0.1.3 136.32 WARN
r-devel-windows-ix86+x86_64 0.1.3 212.00 454.00 666.00 NOTE
r-devel-windows-ix86+x86_64-gcc8 0.1.3 165.00 389.00 554.00 NOTE
r-patched-linux-x86_64 0.1.3 41.68 47.57 89.25 OK
r-patched-solaris-x86 0.1.3 139.50 OK
r-release-linux-x86_64 0.1.3 41.46 48.01 89.47 OK
r-release-windows-ix86+x86_64 0.1.3 216.00 338.00 554.00 NOTE
r-release-osx-x86_64 0.1.3 NOTE
r-oldrel-windows-ix86+x86_64 0.1.3 154.00 353.00 507.00 NOTE
r-oldrel-osx-x86_64 0.1.3 NOTE

Check Details

Version: 0.1.3
Check: whether package can be installed
Result: WARN
    Found the following significant warnings:
     'config' variable 'CPP' is deprecated
Flavors: r-devel-linux-x86_64-debian-clang, r-devel-linux-x86_64-debian-gcc, r-devel-linux-x86_64-fedora-clang, r-devel-linux-x86_64-fedora-gcc

Version: 0.1.3
Check: installed package size
Result: NOTE
     installed size is 73.0Mb
     sub-directories of 1Mb or more:
     gdal 3.8Mb
     libs 68.8Mb
Flavors: r-devel-windows-ix86+x86_64, r-devel-windows-ix86+x86_64-gcc8, r-release-windows-ix86+x86_64, r-release-osx-x86_64, r-oldrel-windows-ix86+x86_64, r-oldrel-osx-x86_64