Last updated on 2020-01-20 01:50:15 CET.
Flavor | Version | Tinstall | Tcheck | Ttotal | Status | Flags |
---|---|---|---|---|---|---|
r-devel-linux-x86_64-debian-clang | 0.2.4 | 2.00 | 20.69 | 22.69 | OK | |
r-devel-linux-x86_64-debian-gcc | 0.2.4 | 1.56 | 16.68 | 18.24 | OK | |
r-devel-linux-x86_64-fedora-clang | 0.2.4 | 28.89 | NOTE | |||
r-devel-linux-x86_64-fedora-gcc | 0.2.4 | 27.26 | NOTE | |||
r-devel-windows-ix86+x86_64 | 0.2.4 | 8.00 | 44.00 | 52.00 | OK | |
r-devel-windows-ix86+x86_64-gcc8 | 0.2.4 | 5.00 | 41.00 | 46.00 | OK | |
r-patched-linux-x86_64 | 0.2.4 | 1.67 | 18.91 | 20.58 | OK | |
r-patched-solaris-x86 | 0.2.4 | 38.60 | NOTE | |||
r-release-linux-x86_64 | 0.2.4 | 1.52 | 19.03 | 20.55 | OK | |
r-release-windows-ix86+x86_64 | 0.2.4 | 7.00 | 51.00 | 58.00 | OK | |
r-release-osx-x86_64 | 0.2.4 | NOTE | ||||
r-oldrel-windows-ix86+x86_64 | 0.2.4 | 2.00 | 31.00 | 33.00 | OK | |
r-oldrel-osx-x86_64 | 0.2.4 | NOTE |
Version: 0.2.4
Check: dependencies in R code
Result: NOTE
Namespace in Imports field not imported from: ‘pls’
All declared Imports should be used.
Flavors: r-devel-linux-x86_64-fedora-clang, r-devel-linux-x86_64-fedora-gcc, r-patched-solaris-x86, r-release-osx-x86_64, r-oldrel-osx-x86_64