Last updated on 2020-01-20 01:50:15 CET.
Flavor | Version | Tinstall | Tcheck | Ttotal | Status | Flags |
---|---|---|---|---|---|---|
r-devel-linux-x86_64-debian-clang | 1.3.3 | 29.38 | 126.73 | 156.11 | OK | |
r-devel-linux-x86_64-debian-gcc | 1.3.3 | 21.64 | 94.27 | 115.91 | OK | |
r-devel-linux-x86_64-fedora-clang | 1.3.3 | 187.80 | OK | |||
r-devel-linux-x86_64-fedora-gcc | 1.3.3 | 180.42 | OK | |||
r-devel-windows-ix86+x86_64 | 1.3.3 | 37.00 | 99.00 | 136.00 | OK | |
r-devel-windows-ix86+x86_64-gcc8 | 1.3.3 | 26.00 | 123.00 | 149.00 | OK | |
r-patched-linux-x86_64 | 1.3.3 | 24.80 | 115.41 | 140.21 | OK | |
r-patched-solaris-x86 | 1.3.3 | 208.70 | NOTE | |||
r-release-linux-x86_64 | 1.3.3 | 25.18 | 114.92 | 140.10 | OK | |
r-release-windows-ix86+x86_64 | 1.3.3 | 31.00 | 117.00 | 148.00 | OK | |
r-release-osx-x86_64 | 1.3.3 | OK | ||||
r-oldrel-windows-ix86+x86_64 | 1.3.3 | 19.00 | 120.00 | 139.00 | OK | |
r-oldrel-osx-x86_64 | 1.3.3 | OK |
Version: 1.3.3
Check: installed package size
Result: NOTE
installed size is 5.1Mb
sub-directories of 1Mb or more:
doc 3.3Mb
Flavor: r-patched-solaris-x86