CRAN Package Check Results for Package aroma.affymetrix

Last updated on 2020-01-20 01:50:15 CET.

Flavor Version Tinstall Tcheck Ttotal Status Flags
r-devel-linux-x86_64-debian-clang 3.2.0 57.61 284.77 342.38 OK
r-devel-linux-x86_64-debian-gcc 3.2.0 44.69 209.52 254.21 OK
r-devel-linux-x86_64-fedora-clang 3.2.0 421.69 NOTE
r-devel-linux-x86_64-fedora-gcc 3.2.0 425.99 OK
r-devel-windows-ix86+x86_64 3.2.0 125.00 356.00 481.00 NOTE
r-devel-windows-ix86+x86_64-gcc8 3.2.0 82.00 318.00 400.00 NOTE
r-patched-linux-x86_64 3.2.0 49.48 248.48 297.96 OK
r-patched-solaris-x86 3.2.0 450.00 NOTE
r-release-linux-x86_64 3.2.0 50.38 247.30 297.68 OK
r-release-windows-ix86+x86_64 3.2.0 119.00 327.00 446.00 NOTE
r-release-osx-x86_64 3.2.0 NOTE
r-oldrel-windows-ix86+x86_64 3.2.0 63.00 238.00 301.00 NOTE
r-oldrel-osx-x86_64 3.2.0 NOTE

Check Details

Version: 3.2.0
Check: installed package size
Result: NOTE
     installed size is 5.8Mb
     sub-directories of 1Mb or more:
     R 2.3Mb
     help 1.1Mb
     testScripts 1.3Mb
Flavors: r-devel-linux-x86_64-fedora-clang, r-devel-windows-ix86+x86_64, r-devel-windows-ix86+x86_64-gcc8, r-patched-solaris-x86, r-release-windows-ix86+x86_64, r-release-osx-x86_64, r-oldrel-windows-ix86+x86_64, r-oldrel-osx-x86_64

Version: 3.2.0
Check: package dependencies
Result: NOTE
    Package suggested but not available for checking: ‘AffymetrixDataTestFiles’
Flavors: r-release-osx-x86_64, r-oldrel-osx-x86_64