Last updated on 2020-01-20 01:50:15 CET.
Flavor | Version | Tinstall | Tcheck | Ttotal | Status | Flags |
---|---|---|---|---|---|---|
r-devel-linux-x86_64-debian-clang | 1.6.1 | 12.70 | 78.21 | 90.91 | OK | |
r-devel-linux-x86_64-debian-gcc | 1.6.1 | 8.91 | 60.88 | 69.79 | OK | |
r-devel-linux-x86_64-fedora-clang | 1.6.1 | 111.39 | OK | |||
r-devel-linux-x86_64-fedora-gcc | 1.6.1 | 110.23 | OK | |||
r-devel-windows-ix86+x86_64 | 1.6.1 | 38.00 | 116.00 | 154.00 | OK | |
r-devel-windows-ix86+x86_64-gcc8 | 1.6.1 | 25.00 | 106.00 | 131.00 | OK | |
r-patched-linux-x86_64 | 1.6.1 | 13.78 | 71.09 | 84.87 | OK | |
r-patched-solaris-x86 | 1.6.1 | 134.40 | OK | |||
r-release-linux-x86_64 | 1.6.1 | 10.70 | 70.22 | 80.92 | OK | |
r-release-windows-ix86+x86_64 | 1.6.1 | 30.00 | 84.00 | 114.00 | OK | |
r-release-osx-x86_64 | 1.6.1 | NOTE | ||||
r-oldrel-windows-ix86+x86_64 | 1.6.1 | 13.00 | 74.00 | 87.00 | OK | |
r-oldrel-osx-x86_64 | 1.6.1 | NOTE |
Version: 1.6.1
Check: package dependencies
Result: NOTE
Package suggested but not available for checking: ‘GLAD’
Flavors: r-release-osx-x86_64, r-oldrel-osx-x86_64