Last updated on 2020-01-20 01:50:15 CET.
Flavor | Version | Tinstall | Tcheck | Ttotal | Status | Flags |
---|---|---|---|---|---|---|
r-devel-linux-x86_64-debian-clang | 0.1.0 | 14.91 | 92.65 | 107.56 | OK | |
r-devel-linux-x86_64-debian-gcc | 0.1.0 | 13.11 | 70.60 | 83.71 | OK | |
r-devel-linux-x86_64-fedora-clang | 0.1.0 | 134.51 | NOTE | |||
r-devel-linux-x86_64-fedora-gcc | 0.1.0 | 134.90 | NOTE | |||
r-devel-windows-ix86+x86_64 | 0.1.0 | 47.00 | 141.00 | 188.00 | OK | |
r-devel-windows-ix86+x86_64-gcc8 | 0.1.0 | 32.00 | 114.00 | 146.00 | OK | |
r-patched-linux-x86_64 | 0.1.0 | 10.18 | 82.05 | 92.23 | OK | |
r-patched-solaris-x86 | 0.1.0 | 187.10 | NOTE | |||
r-release-linux-x86_64 | 0.1.0 | 11.93 | 81.58 | 93.51 | OK | |
r-release-windows-ix86+x86_64 | 0.1.0 | 37.00 | 133.00 | 170.00 | OK | |
r-release-osx-x86_64 | 0.1.0 | NOTE | ||||
r-oldrel-windows-ix86+x86_64 | 0.1.0 | 18.00 | 91.00 | 109.00 | OK | |
r-oldrel-osx-x86_64 | 0.1.0 | NOTE |
Version: 0.1.0
Check: dependencies in R code
Result: NOTE
Namespace in Imports field not imported from: ‘abind’
All declared Imports should be used.
Flavors: r-devel-linux-x86_64-fedora-clang, r-devel-linux-x86_64-fedora-gcc, r-patched-solaris-x86, r-release-osx-x86_64, r-oldrel-osx-x86_64