Last updated on 2020-01-20 01:50:15 CET.
Flavor | Version | Tinstall | Tcheck | Ttotal | Status | Flags |
---|---|---|---|---|---|---|
r-devel-linux-x86_64-debian-clang | 1.0.4 | 2.60 | 33.80 | 36.40 | NOTE | |
r-devel-linux-x86_64-debian-gcc | 1.0.4 | 2.42 | 26.42 | 28.84 | NOTE | |
r-devel-linux-x86_64-fedora-clang | 1.0.4 | 47.53 | NOTE | |||
r-devel-linux-x86_64-fedora-gcc | 1.0.4 | 44.35 | NOTE | |||
r-devel-windows-ix86+x86_64 | 1.0.4 | 13.00 | 69.00 | 82.00 | OK | |
r-devel-windows-ix86+x86_64-gcc8 | 1.0.4 | 9.00 | 53.00 | 62.00 | NOTE | |
r-patched-linux-x86_64 | 1.0.4 | 2.30 | 30.51 | 32.81 | NOTE | |
r-patched-solaris-x86 | 1.0.4 | 64.50 | NOTE | |||
r-release-linux-x86_64 | 1.0.4 | 2.41 | 30.21 | 32.62 | NOTE | |
r-release-windows-ix86+x86_64 | 1.0.4 | 8.00 | 59.00 | 67.00 | OK | |
r-release-osx-x86_64 | 1.0.4 | NOTE | ||||
r-oldrel-windows-ix86+x86_64 | 1.0.4 | 4.00 | 43.00 | 47.00 | OK | |
r-oldrel-osx-x86_64 | 1.0.4 | OK |
Version: 1.0.4
Check: package dependencies
Result: NOTE
Package suggested but not available for checking: 'BiocInstaller'
Flavors: r-devel-linux-x86_64-debian-clang, r-devel-linux-x86_64-debian-gcc, r-devel-linux-x86_64-fedora-clang, r-devel-linux-x86_64-fedora-gcc, r-devel-windows-ix86+x86_64-gcc8, r-patched-linux-x86_64, r-patched-solaris-x86, r-release-linux-x86_64, r-release-osx-x86_64