CRAN Package Check Results for Package baseflow

Last updated on 2020-01-20 01:50:15 CET.

Flavor Version Tinstall Tcheck Ttotal Status Flags
r-devel-linux-x86_64-debian-clang 0.11.2 57.73 34.94 92.67 NOTE
r-devel-linux-x86_64-debian-gcc 0.11.2 43.58 27.02 70.60 NOTE
r-devel-linux-x86_64-fedora-clang 0.11.2 147.94 NOTE
r-devel-linux-x86_64-fedora-gcc 0.11.2 136.94 NOTE
r-devel-windows-ix86+x86_64 0.11.2 24.00 117.00 141.00 NOTE
r-devel-windows-ix86+x86_64-gcc8 0.11.2 16.00 102.00 118.00 NOTE
r-patched-linux-x86_64 0.11.2 56.72 33.12 89.84 NOTE
r-release-linux-x86_64 0.11.2 55.97 32.64 88.61 NOTE
r-release-windows-ix86+x86_64 0.11.2 20.00 86.00 106.00 NOTE
r-release-osx-x86_64 0.11.2 ERROR
r-oldrel-windows-ix86+x86_64 0.11.2 9.00 84.00 93.00 NOTE
r-oldrel-osx-x86_64 0.11.2 ERROR

Check Details

Version: 0.11.2
Check: for GNU extensions in Makefiles
Result: NOTE
    GNU make is a SystemRequirements.
Flavors: r-devel-linux-x86_64-debian-clang, r-devel-linux-x86_64-debian-gcc, r-devel-linux-x86_64-fedora-clang, r-devel-linux-x86_64-fedora-gcc, r-devel-windows-ix86+x86_64, r-devel-windows-ix86+x86_64-gcc8, r-patched-linux-x86_64, r-release-linux-x86_64, r-release-windows-ix86+x86_64, r-oldrel-windows-ix86+x86_64

Version: 0.11.2
Check: whether package can be installed
Result: ERROR
    Installation failed.
Flavors: r-release-osx-x86_64, r-oldrel-osx-x86_64