Last updated on 2020-01-20 01:50:15 CET.
Flavor | Version | Tinstall | Tcheck | Ttotal | Status | Flags |
---|---|---|---|---|---|---|
r-devel-linux-x86_64-debian-clang | 1.2-2 | 7.40 | 55.38 | 62.78 | OK | |
r-devel-linux-x86_64-debian-gcc | 1.2-2 | 6.78 | 42.86 | 49.64 | OK | |
r-devel-linux-x86_64-fedora-clang | 1.2-2 | 79.84 | OK | |||
r-devel-linux-x86_64-fedora-gcc | 1.2-2 | 74.77 | OK | |||
r-devel-windows-ix86+x86_64 | 1.2-2 | 17.00 | 67.00 | 84.00 | OK | |
r-devel-windows-ix86+x86_64-gcc8 | 1.2-2 | 14.00 | 83.00 | 97.00 | OK | |
r-patched-linux-x86_64 | 1.2-2 | 7.45 | 50.09 | 57.54 | OK | |
r-patched-solaris-x86 | 1.2-2 | 102.50 | OK | |||
r-release-linux-x86_64 | 1.2-2 | 5.98 | 50.65 | 56.63 | OK | |
r-release-windows-ix86+x86_64 | 1.2-2 | 16.00 | 61.00 | 77.00 | OK | |
r-release-osx-x86_64 | 1.2-2 | OK | ||||
r-oldrel-windows-ix86+x86_64 | 1.2-2 | 7.00 | 86.00 | 93.00 | WARN | |
r-oldrel-osx-x86_64 | 1.2-2 | WARN |
Version: 1.2-2
Check: whether package can be installed
Result: WARN
Found the following significant warnings:
Warning: unable to re-encode 'baseline.lowpass.R' line 4
Warning: unable to re-encode 'baseline.medianWindow.R' line 3
Warning: unable to re-encode 'baseline.modpolyfit.R' line 4
Flavors: r-oldrel-windows-ix86+x86_64, r-oldrel-osx-x86_64