Last updated on 2020-01-20 01:50:15 CET.
Flavor | Version | Tinstall | Tcheck | Ttotal | Status | Flags |
---|---|---|---|---|---|---|
r-devel-linux-x86_64-debian-clang | 3.1-4 | 605.64 | 431.95 | 1037.59 | OK | |
r-devel-linux-x86_64-debian-gcc | 3.1-4 | 421.12 | 299.75 | 720.87 | OK | |
r-devel-linux-x86_64-fedora-clang | 3.1-4 | 1397.66 | NOTE | |||
r-devel-linux-x86_64-fedora-gcc | 3.1-4 | 1329.20 | OK | |||
r-devel-windows-ix86+x86_64 | 3.1-4 | 1448.00 | 633.00 | 2081.00 | NOTE | |
r-devel-windows-ix86+x86_64-gcc8 | 3.1-4 | 1160.00 | 572.00 | 1732.00 | NOTE | |
r-patched-linux-x86_64 | 3.1-4 | 464.01 | 406.39 | 870.40 | OK | |
r-patched-solaris-x86 | 3.1-4 | 1454.80 | NOTE | |||
r-release-linux-x86_64 | 3.1-4 | 453.88 | 407.42 | 861.30 | OK | |
r-release-windows-ix86+x86_64 | 3.1-4 | 1429.00 | 470.00 | 1899.00 | NOTE | |
r-release-osx-x86_64 | 3.1-4 | NOTE | ||||
r-oldrel-windows-ix86+x86_64 | 3.1-4 | 869.00 | 483.00 | 1352.00 | NOTE | |
r-oldrel-osx-x86_64 | 3.1-4 | NOTE |
Version: 3.1-4
Check: installed package size
Result: NOTE
installed size is 31.3Mb
sub-directories of 1Mb or more:
doc 2.9Mb
libs 26.9Mb
Flavors: r-devel-linux-x86_64-fedora-clang, r-devel-windows-ix86+x86_64, r-devel-windows-ix86+x86_64-gcc8, r-patched-solaris-x86, r-release-windows-ix86+x86_64, r-release-osx-x86_64, r-oldrel-windows-ix86+x86_64, r-oldrel-osx-x86_64