Last updated on 2020-01-20 01:50:16 CET.
Flavor | Version | Tinstall | Tcheck | Ttotal | Status | Flags |
---|---|---|---|---|---|---|
r-devel-linux-x86_64-debian-clang | 0.8.5 | 12.05 | 66.87 | 78.92 | OK | |
r-devel-linux-x86_64-debian-gcc | 0.8.5 | 10.69 | 50.43 | 61.12 | OK | |
r-devel-linux-x86_64-fedora-clang | 0.8.5 | 96.87 | NOTE | |||
r-devel-linux-x86_64-fedora-gcc | 0.8.5 | 92.63 | NOTE | |||
r-devel-windows-ix86+x86_64 | 0.8.5 | 40.00 | 114.00 | 154.00 | OK | |
r-devel-windows-ix86+x86_64-gcc8 | 0.8.5 | 28.00 | 96.00 | 124.00 | OK | |
r-patched-linux-x86_64 | 0.8.5 | 9.56 | 56.66 | 66.22 | OK | |
r-patched-solaris-x86 | 0.8.5 | 134.80 | NOTE | |||
r-release-linux-x86_64 | 0.8.5 | 7.95 | 55.82 | 63.77 | OK | |
r-release-windows-ix86+x86_64 | 0.8.5 | 34.00 | 96.00 | 130.00 | OK | |
r-release-osx-x86_64 | 0.8.5 | NOTE | ||||
r-oldrel-windows-ix86+x86_64 | 0.8.5 | 11.00 | 70.00 | 81.00 | OK | |
r-oldrel-osx-x86_64 | 0.8.5 | NOTE |
Version: 0.8.5
Check: dependencies in R code
Result: NOTE
Namespace in Imports field not imported from: ‘dplyr’
All declared Imports should be used.
Flavors: r-devel-linux-x86_64-fedora-clang, r-devel-linux-x86_64-fedora-gcc, r-patched-solaris-x86, r-release-osx-x86_64, r-oldrel-osx-x86_64