CRAN Package Check Results for Package betapart

Last updated on 2020-01-20 01:50:16 CET.

Flavor Version Tinstall Tcheck Ttotal Status Flags
r-devel-linux-x86_64-debian-clang 1.5.1 9.38 79.86 89.24 NOTE
r-devel-linux-x86_64-debian-gcc 1.5.1 7.90 60.79 68.69 NOTE
r-devel-linux-x86_64-fedora-clang 1.5.1 108.35 NOTE
r-devel-linux-x86_64-fedora-gcc 1.5.1 105.81 NOTE
r-devel-windows-ix86+x86_64 1.5.1 24.00 134.00 158.00 OK
r-devel-windows-ix86+x86_64-gcc8 1.5.1 20.00 108.00 128.00 OK
r-patched-linux-x86_64 1.5.1 9.98 71.73 81.71 OK
r-patched-solaris-x86 1.5.1 157.40 OK
r-release-linux-x86_64 1.5.1 7.71 70.29 78.00 OK
r-release-windows-ix86+x86_64 1.5.1 25.00 86.00 111.00 OK
r-release-osx-x86_64 1.5.1 OK
r-oldrel-windows-ix86+x86_64 1.5.1 9.00 85.00 94.00 OK
r-oldrel-osx-x86_64 1.5.1 OK

Check Details

Version: 1.5.1
Check: for non-standard things in the check directory
Result: NOTE
    Found the following files/directories:
     'vert.txt' 'vert_1.txt' 'vert_2.txt'
Flavors: r-devel-linux-x86_64-debian-clang, r-devel-linux-x86_64-debian-gcc, r-devel-linux-x86_64-fedora-clang, r-devel-linux-x86_64-fedora-gcc