Last updated on 2020-01-20 01:50:16 CET.
Flavor | Version | Tinstall | Tcheck | Ttotal | Status | Flags |
---|---|---|---|---|---|---|
r-devel-linux-x86_64-debian-clang | 0.1.2 | 6.27 | 53.32 | 59.59 | OK | |
r-devel-linux-x86_64-debian-gcc | 0.1.2 | 4.65 | 40.48 | 45.13 | OK | |
r-devel-linux-x86_64-fedora-clang | 0.1.2 | 70.56 | OK | |||
r-devel-linux-x86_64-fedora-gcc | 0.1.2 | 67.50 | OK | |||
r-devel-windows-ix86+x86_64 | 0.1.2 | 20.00 | 111.00 | 131.00 | OK | |
r-devel-windows-ix86+x86_64-gcc8 | 0.1.2 | 16.00 | 79.00 | 95.00 | OK | |
r-patched-linux-x86_64 | 0.1.2 | 5.43 | 47.04 | 52.47 | OK | |
r-patched-solaris-x86 | 0.1.2 | 103.20 | NOTE | |||
r-release-linux-x86_64 | 0.1.2 | 5.17 | 46.88 | 52.05 | OK | |
r-release-windows-ix86+x86_64 | 0.1.2 | 21.00 | 90.00 | 111.00 | OK | |
r-release-osx-x86_64 | 0.1.2 | OK | ||||
r-oldrel-windows-ix86+x86_64 | 0.1.2 | 9.00 | 64.00 | 73.00 | OK | |
r-oldrel-osx-x86_64 | 0.1.2 | OK |
Version: 0.1.2
Check: installed package size
Result: NOTE
installed size is 5.2Mb
sub-directories of 1Mb or more:
doc 2.6Mb
help 2.2Mb
Flavor: r-patched-solaris-x86