CRAN Package Check Results for Package bivquant

Last updated on 2020-01-20 01:50:16 CET.

Flavor Version Tinstall Tcheck Ttotal Status Flags
r-devel-linux-x86_64-debian-clang 0.1 10.64 77.51 88.15 OK
r-devel-linux-x86_64-debian-gcc 0.1 8.22 60.63 68.85 OK
r-devel-linux-x86_64-fedora-clang 0.1 105.04 NOTE
r-devel-linux-x86_64-fedora-gcc 0.1 97.88 NOTE
r-devel-windows-ix86+x86_64 0.1 26.00 113.00 139.00 OK
r-devel-windows-ix86+x86_64-gcc8 0.1 17.00 97.00 114.00 OK
r-patched-linux-x86_64 0.1 7.55 68.46 76.01 OK
r-patched-solaris-x86 0.1 145.80 NOTE
r-release-linux-x86_64 0.1 8.21 68.52 76.73 OK
r-release-windows-ix86+x86_64 0.1 24.00 80.00 104.00 OK
r-release-osx-x86_64 0.1 NOTE
r-oldrel-windows-ix86+x86_64 0.1 7.00 80.00 87.00 OK
r-oldrel-osx-x86_64 0.1 NOTE

Check Details

Version: 0.1
Check: dependencies in R code
Result: NOTE
    Namespace in Imports field not imported from: ‘MASS’
     All declared Imports should be used.
Flavors: r-devel-linux-x86_64-fedora-clang, r-devel-linux-x86_64-fedora-gcc, r-patched-solaris-x86, r-release-osx-x86_64, r-oldrel-osx-x86_64