Last updated on 2020-01-20 01:50:16 CET.
Flavor | Version | Tinstall | Tcheck | Ttotal | Status | Flags |
---|---|---|---|---|---|---|
r-devel-linux-x86_64-debian-clang | 1.1.1 | 94.01 | 58.11 | 152.12 | NOTE | |
r-devel-linux-x86_64-debian-gcc | 1.1.1 | 65.39 | 44.61 | 110.00 | NOTE | |
r-devel-linux-x86_64-fedora-clang | 1.1.1 | 211.74 | NOTE | |||
r-devel-linux-x86_64-fedora-gcc | 1.1.1 | 187.96 | NOTE | |||
r-devel-windows-ix86+x86_64 | 1.1.1 | 209.00 | 124.00 | 333.00 | NOTE | |
r-devel-windows-ix86+x86_64-gcc8 | 1.1.1 | 157.00 | 125.00 | 282.00 | NOTE | |
r-patched-linux-x86_64 | 1.1.1 | 67.87 | 51.83 | 119.70 | NOTE | |
r-patched-solaris-x86 | 1.1.1 | 178.10 | NOTE | |||
r-release-linux-x86_64 | 1.1.1 | 70.58 | 50.95 | 121.53 | NOTE | |
r-release-windows-ix86+x86_64 | 1.1.1 | 191.00 | 107.00 | 298.00 | NOTE | |
r-release-osx-x86_64 | 1.1.1 | NOTE | ||||
r-oldrel-windows-ix86+x86_64 | 1.1.1 | 134.00 | 96.00 | 230.00 | NOTE | |
r-oldrel-osx-x86_64 | 1.1.1 | NOTE |
Version: 1.1.1
Check: R code for possible problems
Result: NOTE
blockmodelskmeans: no visible global function definition for 'dist'
matrixplot: no visible global function definition for 'image'
matrixplot: no visible global function definition for 'hsv'
matrixplot: no visible global function definition for 'axis'
Undefined global functions or variables:
axis dist hsv image
Consider adding
importFrom("grDevices", "hsv")
importFrom("graphics", "axis", "image")
importFrom("stats", "dist")
to your NAMESPACE file.
Flavors: r-devel-linux-x86_64-debian-clang, r-devel-linux-x86_64-debian-gcc, r-devel-linux-x86_64-fedora-clang, r-devel-linux-x86_64-fedora-gcc, r-devel-windows-ix86+x86_64, r-devel-windows-ix86+x86_64-gcc8, r-patched-linux-x86_64, r-patched-solaris-x86, r-release-linux-x86_64, r-release-windows-ix86+x86_64, r-release-osx-x86_64, r-oldrel-windows-ix86+x86_64, r-oldrel-osx-x86_64
Version: 1.1.1
Check: installed package size
Result: NOTE
installed size is 13.4Mb
sub-directories of 1Mb or more:
libs 12.9Mb
Flavors: r-devel-linux-x86_64-fedora-clang, r-devel-windows-ix86+x86_64, r-devel-windows-ix86+x86_64-gcc8, r-release-windows-ix86+x86_64, r-release-osx-x86_64, r-oldrel-windows-ix86+x86_64, r-oldrel-osx-x86_64
Version: 1.1.1
Check: compiled code
Result: NOTE
File ‘blockmodels/libs/blockmodels.so’:
Found no calls to: ‘R_registerRoutines’, ‘R_useDynamicSymbols’
It is good practice to register native routines and to disable symbol
search.
See ‘Writing portable packages’ in the ‘Writing R Extensions’ manual.
Flavors: r-devel-linux-x86_64-fedora-clang, r-devel-linux-x86_64-fedora-gcc