CRAN Package Check Results for Package brinton

Last updated on 2020-01-20 01:50:16 CET.

Flavor Version Tinstall Tcheck Ttotal Status Flags
r-devel-linux-x86_64-debian-clang 0.1.3 9.85 64.57 74.42 OK
r-devel-linux-x86_64-debian-gcc 0.1.3 8.26 49.50 57.76 OK
r-devel-linux-x86_64-fedora-clang 0.1.3 88.78 NOTE
r-devel-linux-x86_64-fedora-gcc 0.1.3 88.57 NOTE
r-devel-windows-ix86+x86_64 0.1.3 32.00 113.00 145.00 OK
r-devel-windows-ix86+x86_64-gcc8 0.1.3 18.00 97.00 115.00 OK
r-patched-linux-x86_64 0.1.3 7.59 56.90 64.49 OK
r-patched-solaris-x86 0.1.3 111.70 NOTE
r-release-linux-x86_64 0.1.3 8.07 56.79 64.86 OK
r-release-windows-ix86+x86_64 0.1.3 23.00 120.00 143.00 OK
r-release-osx-x86_64 0.1.3 NOTE
r-oldrel-windows-ix86+x86_64 0.1.3 12.00 65.00 77.00 OK
r-oldrel-osx-x86_64 0.1.3 NOTE

Check Details

Version: 0.1.3
Check: dependencies in R code
Result: NOTE
    Namespaces in Imports field not imported from:
     ‘grDevices’ ‘grid’ ‘qpdf’
     All declared Imports should be used.
Flavors: r-devel-linux-x86_64-fedora-clang, r-devel-linux-x86_64-fedora-gcc, r-patched-solaris-x86, r-oldrel-osx-x86_64

Version: 0.1.3
Check: dependencies in R code
Result: NOTE
    No protocol specified
    No protocol specified
    Namespaces in Imports field not imported from:
     ‘grDevices’ ‘grid’ ‘qpdf’
     All declared Imports should be used.
Flavor: r-release-osx-x86_64