Last updated on 2020-01-20 01:50:16 CET.
Flavor | Version | Tinstall | Tcheck | Ttotal | Status | Flags |
---|---|---|---|---|---|---|
r-devel-linux-x86_64-debian-clang | 0.2.3 | 4.74 | 36.07 | 40.81 | OK | |
r-devel-linux-x86_64-debian-gcc | 0.2.3 | 4.12 | 27.71 | 31.83 | OK | |
r-devel-linux-x86_64-fedora-clang | 0.2.3 | 49.52 | NOTE | |||
r-devel-linux-x86_64-fedora-gcc | 0.2.3 | 46.67 | NOTE | |||
r-devel-windows-ix86+x86_64 | 0.2.3 | 17.00 | 75.00 | 92.00 | OK | |
r-devel-windows-ix86+x86_64-gcc8 | 0.2.3 | 11.00 | 74.00 | 85.00 | OK | |
r-patched-linux-x86_64 | 0.2.3 | 4.16 | 33.00 | 37.16 | OK | |
r-patched-solaris-x86 | 0.2.3 | 81.70 | NOTE | |||
r-release-linux-x86_64 | 0.2.3 | 3.63 | 32.40 | 36.03 | OK | |
r-release-windows-ix86+x86_64 | 0.2.3 | 17.00 | 63.00 | 80.00 | OK | |
r-release-osx-x86_64 | 0.2.3 | NOTE | ||||
r-oldrel-windows-ix86+x86_64 | 0.2.3 | 5.00 | 46.00 | 51.00 | OK | |
r-oldrel-osx-x86_64 | 0.2.3 | NOTE |
Version: 0.2.3
Check: dependencies in R code
Result: NOTE
Namespace in Imports field not imported from: ‘magrittr’
All declared Imports should be used.
Flavors: r-devel-linux-x86_64-fedora-clang, r-devel-linux-x86_64-fedora-gcc, r-patched-solaris-x86, r-release-osx-x86_64, r-oldrel-osx-x86_64