Last updated on 2020-01-20 01:50:17 CET.
Flavor | Version | Tinstall | Tcheck | Ttotal | Status | Flags |
---|---|---|---|---|---|---|
r-devel-linux-x86_64-debian-clang | 1.0.0 | 4.04 | 26.87 | 30.91 | NOTE | |
r-devel-linux-x86_64-debian-gcc | 1.0.0 | 2.84 | 20.78 | 23.62 | NOTE | |
r-devel-linux-x86_64-fedora-clang | 1.0.0 | 37.80 | NOTE | |||
r-devel-linux-x86_64-fedora-gcc | 1.0.0 | 35.74 | NOTE | |||
r-devel-windows-ix86+x86_64 | 1.0.0 | 9.00 | 41.00 | 50.00 | OK | |
r-devel-windows-ix86+x86_64-gcc8 | 1.0.0 | 7.00 | 59.00 | 66.00 | OK | |
r-patched-linux-x86_64 | 1.0.0 | 2.50 | 24.73 | 27.23 | NOTE | |
r-patched-solaris-x86 | 1.0.0 | 47.90 | NOTE | |||
r-release-linux-x86_64 | 1.0.0 | 2.58 | 25.08 | 27.66 | NOTE | |
r-release-windows-ix86+x86_64 | 1.0.0 | 9.00 | 52.00 | 61.00 | OK | |
r-release-osx-x86_64 | 1.0.0 | OK | ||||
r-oldrel-windows-ix86+x86_64 | 1.0.0 | 5.00 | 33.00 | 38.00 | OK | |
r-oldrel-osx-x86_64 | 1.0.0 | OK |
Version: 1.0.0
Check: package dependencies
Result: NOTE
Package suggested but not available for checking: 'bvpSolve'
Flavors: r-devel-linux-x86_64-debian-clang, r-devel-linux-x86_64-debian-gcc, r-devel-linux-x86_64-fedora-clang, r-devel-linux-x86_64-fedora-gcc, r-patched-linux-x86_64, r-patched-solaris-x86, r-release-linux-x86_64
Version: 1.0.0
Check: for non-standard things in the check directory
Result: NOTE
Found the following files/directories:
'fda7wnr6u.c' 'fda7wnr6u.o' 'fda7wnr6u.so' 'symbols.rds'
Flavors: r-devel-linux-x86_64-debian-clang, r-devel-linux-x86_64-debian-gcc, r-devel-linux-x86_64-fedora-clang, r-devel-linux-x86_64-fedora-gcc