Last updated on 2020-01-20 01:50:17 CET.
Flavor | Version | Tinstall | Tcheck | Ttotal | Status | Flags |
---|---|---|---|---|---|---|
r-devel-linux-x86_64-debian-clang | 0.2-4 | 207.69 | 56.52 | 264.21 | OK | |
r-devel-linux-x86_64-debian-gcc | 0.2-4 | 176.31 | 43.58 | 219.89 | OK | |
r-devel-linux-x86_64-fedora-clang | 0.2-4 | 383.28 | NOTE | |||
r-devel-linux-x86_64-fedora-gcc | 0.2-4 | 393.64 | NOTE | |||
r-devel-windows-ix86+x86_64 | 0.2-4 | 496.00 | 111.00 | 607.00 | OK | |
r-devel-windows-ix86+x86_64-gcc8 | 0.2-4 | 403.00 | 144.00 | 547.00 | OK | |
r-patched-linux-x86_64 | 0.2-4 | 174.97 | 49.79 | 224.76 | OK | |
r-patched-solaris-x86 | 0.2-4 | 305.00 | OK | |||
r-release-linux-x86_64 | 0.2-4 | 173.23 | 50.38 | 223.61 | OK | |
r-release-windows-ix86+x86_64 | 0.2-4 | 496.00 | 103.00 | 599.00 | OK | |
r-release-osx-x86_64 | 0.2-4 | NOTE | ||||
r-oldrel-windows-ix86+x86_64 | 0.2-4 | 319.00 | 97.00 | 416.00 | OK | |
r-oldrel-osx-x86_64 | 0.2-4 | NOTE |
Version: 0.2-4
Check: installed package size
Result: NOTE
installed size is 20.0Mb
sub-directories of 1Mb or more:
libs 19.7Mb
Flavors: r-devel-linux-x86_64-fedora-clang, r-release-osx-x86_64, r-oldrel-osx-x86_64
Version: 0.2-4
Check: compiled code
Result: NOTE
File ‘cccp/libs/cccp.so’:
Found no calls to: ‘R_registerRoutines’, ‘R_useDynamicSymbols’
It is good practice to register native routines and to disable symbol
search.
See ‘Writing portable packages’ in the ‘Writing R Extensions’ manual.
Flavors: r-devel-linux-x86_64-fedora-clang, r-devel-linux-x86_64-fedora-gcc