Last updated on 2020-01-20 01:50:17 CET.
Flavor | Version | Tinstall | Tcheck | Ttotal | Status | Flags |
---|---|---|---|---|---|---|
r-devel-linux-x86_64-debian-clang | 1.0.0 | 4.86 | 40.60 | 45.46 | OK | |
r-devel-linux-x86_64-debian-gcc | 1.0.0 | 3.73 | 31.68 | 35.41 | OK | |
r-devel-linux-x86_64-fedora-clang | 1.0.0 | 55.38 | NOTE | |||
r-devel-linux-x86_64-fedora-gcc | 1.0.0 | 53.06 | NOTE | |||
r-devel-windows-ix86+x86_64 | 1.0.0 | 15.00 | 90.00 | 105.00 | OK | |
r-devel-windows-ix86+x86_64-gcc8 | 1.0.0 | 11.00 | 125.00 | 136.00 | OK | |
r-patched-linux-x86_64 | 1.0.0 | 3.38 | 36.63 | 40.01 | OK | |
r-patched-solaris-x86 | 1.0.0 | 72.60 | NOTE | |||
r-release-linux-x86_64 | 1.0.0 | 3.86 | 36.70 | 40.56 | OK | |
r-release-windows-ix86+x86_64 | 1.0.0 | 16.00 | 88.00 | 104.00 | OK | |
r-release-osx-x86_64 | 1.0.0 | NOTE | ||||
r-oldrel-windows-ix86+x86_64 | 1.0.0 | 6.00 | 53.00 | 59.00 | OK | |
r-oldrel-osx-x86_64 | 1.0.0 | NOTE |
Version: 1.0.0
Check: dependencies in R code
Result: NOTE
Namespaces in Imports field not imported from:
‘base’ ‘stats’ ‘tidyr’
All declared Imports should be used.
Flavors: r-devel-linux-x86_64-fedora-clang, r-devel-linux-x86_64-fedora-gcc, r-patched-solaris-x86, r-release-osx-x86_64, r-oldrel-osx-x86_64