Last updated on 2020-01-20 01:50:17 CET.
Flavor | Version | Tinstall | Tcheck | Ttotal | Status | Flags |
---|---|---|---|---|---|---|
r-devel-linux-x86_64-debian-clang | 1.4.2 | 8.55 | 140.43 | 148.98 | NOTE | |
r-devel-linux-x86_64-debian-gcc | 1.4.2 | 6.65 | 103.71 | 110.36 | NOTE | |
r-devel-linux-x86_64-fedora-clang | 1.4.2 | 176.69 | NOTE | |||
r-devel-linux-x86_64-fedora-gcc | 1.4.2 | 176.61 | NOTE | |||
r-devel-windows-ix86+x86_64 | 1.4.2 | 20.00 | 170.00 | 190.00 | OK | |
r-devel-windows-ix86+x86_64-gcc8 | 1.4.2 | 12.00 | 218.00 | 230.00 | OK | |
r-patched-linux-x86_64 | 1.4.2 | 7.44 | 130.27 | 137.71 | OK | |
r-patched-solaris-x86 | 1.4.2 | 244.60 | OK | |||
r-release-linux-x86_64 | 1.4.2 | 6.32 | 127.32 | 133.64 | OK | |
r-release-windows-ix86+x86_64 | 1.4.2 | 21.00 | 130.00 | 151.00 | OK | |
r-release-osx-x86_64 | 1.4.2 | OK | ||||
r-oldrel-windows-ix86+x86_64 | 1.4.2 | 9.00 | 129.00 | 138.00 | OK | |
r-oldrel-osx-x86_64 | 1.4.2 | OK |
Version: 1.4.2
Check: for non-standard things in the check directory
Result: NOTE
Found the following files/directories:
'stepres00.txt'
Flavors: r-devel-linux-x86_64-debian-clang, r-devel-linux-x86_64-debian-gcc, r-devel-linux-x86_64-fedora-clang, r-devel-linux-x86_64-fedora-gcc