Last updated on 2020-01-20 01:50:17 CET.
Flavor | Version | Tinstall | Tcheck | Ttotal | Status | Flags |
---|---|---|---|---|---|---|
r-devel-linux-x86_64-debian-clang | 0.1.9.2 | 7.85 | 39.74 | 47.59 | OK | |
r-devel-linux-x86_64-debian-gcc | 0.1.9.2 | 6.22 | 32.71 | 38.93 | OK | |
r-devel-linux-x86_64-fedora-clang | 0.1.9.2 | 69.57 | NOTE | |||
r-devel-linux-x86_64-fedora-gcc | 0.1.9.2 | 57.22 | NOTE | |||
r-devel-windows-ix86+x86_64 | 0.1.9.2 | 20.00 | 68.00 | 88.00 | OK | |
r-devel-windows-ix86+x86_64-gcc8 | 0.1.9.2 | 15.00 | 73.00 | 88.00 | OK | |
r-patched-linux-x86_64 | 0.1.9.2 | 5.88 | 38.09 | 43.97 | OK | |
r-patched-solaris-x86 | 0.1.9.2 | 91.70 | NOTE | |||
r-release-linux-x86_64 | 0.1.9.2 | 7.86 | 37.28 | 45.14 | OK | |
r-release-windows-ix86+x86_64 | 0.1.9.2 | 18.00 | 65.00 | 83.00 | OK | |
r-release-osx-x86_64 | 0.1.9.2 | NOTE | ||||
r-oldrel-windows-ix86+x86_64 | 0.1.9.2 | 7.00 | 42.00 | 49.00 | OK | |
r-oldrel-osx-x86_64 | 0.1.9.2 | NOTE |
Version: 0.1.9.2
Check: data for non-ASCII characters
Result: NOTE
Note: found 4004 marked UTF-8 strings
Flavors: r-devel-linux-x86_64-fedora-clang, r-devel-linux-x86_64-fedora-gcc, r-patched-solaris-x86, r-release-osx-x86_64, r-oldrel-osx-x86_64