Last updated on 2020-01-20 01:50:17 CET.
Flavor | Version | Tinstall | Tcheck | Ttotal | Status | Flags |
---|---|---|---|---|---|---|
r-devel-linux-x86_64-debian-clang | 1.0-11 | 2.46 | 23.05 | 25.51 | NOTE | |
r-devel-linux-x86_64-debian-gcc | 1.0-11 | 1.91 | 18.09 | 20.00 | NOTE | |
r-devel-linux-x86_64-fedora-clang | 1.0-11 | 31.05 | NOTE | |||
r-devel-linux-x86_64-fedora-gcc | 1.0-11 | 29.77 | NOTE | |||
r-devel-windows-ix86+x86_64 | 1.0-11 | 8.00 | 37.00 | 45.00 | NOTE | |
r-devel-windows-ix86+x86_64-gcc8 | 1.0-11 | 5.00 | 56.00 | 61.00 | NOTE | |
r-patched-linux-x86_64 | 1.0-11 | 1.89 | 20.79 | 22.68 | NOTE | |
r-patched-solaris-x86 | 1.0-11 | 41.50 | NOTE | |||
r-release-linux-x86_64 | 1.0-11 | 1.92 | 20.77 | 22.69 | NOTE | |
r-release-windows-ix86+x86_64 | 1.0-11 | 6.00 | 35.00 | 41.00 | NOTE | |
r-release-osx-x86_64 | 1.0-11 | NOTE | ||||
r-oldrel-windows-ix86+x86_64 | 1.0-11 | 3.00 | 48.00 | 51.00 | NOTE | |
r-oldrel-osx-x86_64 | 1.0-11 | NOTE |
Version: 1.0-11
Check: R code for possible problems
Result: NOTE
cma_es: no visible global function definition for 'rnorm'
f_rand: no visible global function definition for 'runif'
Undefined global functions or variables:
rnorm runif
Consider adding
importFrom("stats", "rnorm", "runif")
to your NAMESPACE file.
Flavors: r-devel-linux-x86_64-debian-clang, r-devel-linux-x86_64-debian-gcc, r-devel-linux-x86_64-fedora-clang, r-devel-linux-x86_64-fedora-gcc, r-devel-windows-ix86+x86_64, r-devel-windows-ix86+x86_64-gcc8, r-patched-linux-x86_64, r-patched-solaris-x86, r-release-linux-x86_64, r-release-windows-ix86+x86_64, r-release-osx-x86_64, r-oldrel-windows-ix86+x86_64, r-oldrel-osx-x86_64