Last updated on 2020-01-20 01:50:17 CET.
Flavor | Version | Tinstall | Tcheck | Ttotal | Status | Flags |
---|---|---|---|---|---|---|
r-devel-linux-x86_64-debian-clang | 2.3.0 | 13.94 | 203.84 | 217.78 | OK | |
r-devel-linux-x86_64-debian-gcc | 2.3.0 | 12.52 | 152.64 | 165.16 | OK | |
r-devel-linux-x86_64-fedora-clang | 2.3.0 | 249.15 | NOTE | |||
r-devel-linux-x86_64-fedora-gcc | 2.3.0 | 240.51 | NOTE | |||
r-devel-windows-ix86+x86_64 | 2.3.0 | 57.00 | 543.00 | 600.00 | OK | |
r-devel-windows-ix86+x86_64-gcc8 | 2.3.0 | 36.00 | 559.00 | 595.00 | OK | |
r-patched-linux-x86_64 | 2.3.0 | 11.53 | 176.41 | 187.94 | OK | |
r-patched-solaris-x86 | 2.3.0 | 339.00 | NOTE | |||
r-release-linux-x86_64 | 2.3.0 | 12.69 | 179.42 | 192.11 | OK | |
r-release-windows-ix86+x86_64 | 2.3.0 | 49.00 | 517.00 | 566.00 | OK | |
r-release-osx-x86_64 | 2.3.0 | NOTE | ||||
r-oldrel-windows-ix86+x86_64 | 2.3.0 | 13.00 | 422.00 | 435.00 | OK | |
r-oldrel-osx-x86_64 | 2.3.0 | NOTE |
Version: 2.3.0
Check: dependencies in R code
Result: NOTE
Namespaces in Imports field not imported from:
‘MASS’ ‘compiler’ ‘rlang’
All declared Imports should be used.
Flavors: r-devel-linux-x86_64-fedora-clang, r-devel-linux-x86_64-fedora-gcc, r-patched-solaris-x86, r-release-osx-x86_64, r-oldrel-osx-x86_64