CRAN Package Check Results for Package contact

Last updated on 2020-01-20 01:50:18 CET.

Flavor Version Tinstall Tcheck Ttotal Status Flags
r-devel-linux-x86_64-debian-clang 1.0.1 12.26 244.56 256.82 OK
r-devel-linux-x86_64-debian-gcc 1.0.1 11.13 167.80 178.93 OK
r-devel-linux-x86_64-fedora-clang 1.0.1 290.92 NOTE
r-devel-linux-x86_64-fedora-gcc 1.0.1 282.98 NOTE
r-devel-windows-ix86+x86_64 1.0.1 24.00 378.00 402.00 OK
r-devel-windows-ix86+x86_64-gcc8 1.0.1 20.00 392.00 412.00 OK
r-patched-linux-x86_64 1.0.1 9.86 211.25 221.11 OK
r-patched-solaris-x86 1.0.1 334.40 NOTE
r-release-linux-x86_64 1.0.1 10.93 211.54 222.47 OK
r-release-windows-ix86+x86_64 1.0.1 21.00 321.00 342.00 OK
r-release-osx-x86_64 1.0.1 NOTE
r-oldrel-osx-x86_64 1.0.1 ERROR

Check Details

Version: 1.0.1
Check: dependencies in R code
Result: NOTE
    Namespaces in Imports field not imported from:
     ‘geosphere’ ‘igraph’ ‘methods’ ‘rgdal’ ‘sf’
     All declared Imports should be used.
Flavors: r-devel-linux-x86_64-fedora-clang, r-devel-linux-x86_64-fedora-gcc, r-patched-solaris-x86, r-release-osx-x86_64

Version: 1.0.1
Check: package dependencies
Result: ERROR
    Packages required and available but unsuitable versions:
     ‘methods’ ‘parallel’ ‘stats’
    
    See section ‘The DESCRIPTION file’ in the ‘Writing R Extensions’
    manual.
Flavor: r-oldrel-osx-x86_64