CRAN Package Check Results for Package covatest

Last updated on 2020-01-20 01:50:18 CET.

Flavor Version Tinstall Tcheck Ttotal Status Flags
r-devel-linux-x86_64-debian-clang 1.1.1 16.85 89.68 106.53 OK
r-devel-linux-x86_64-debian-gcc 1.1.1 15.54 70.28 85.82 OK
r-devel-linux-x86_64-fedora-clang 1.1.1 131.58 NOTE
r-devel-linux-x86_64-fedora-gcc 1.1.1 128.43 NOTE
r-devel-windows-ix86+x86_64 1.1.1 38.00 107.00 145.00 OK
r-devel-windows-ix86+x86_64-gcc8 1.1.1 27.00 147.00 174.00 OK
r-patched-linux-x86_64 1.1.1 14.86 81.73 96.59 OK
r-patched-solaris-x86 1.1.1 162.80 NOTE
r-release-linux-x86_64 1.1.1 12.20 83.15 95.35 OK
r-release-windows-ix86+x86_64 1.1.1 31.00 96.00 127.00 OK
r-release-osx-x86_64 1.1.1 NOTE
r-oldrel-windows-ix86+x86_64 1.1.1 18.00 90.00 108.00 OK
r-oldrel-osx-x86_64 1.1.1 NOTE

Check Details

Version: 1.1.1
Check: dependencies in R code
Result: NOTE
    Namespace in Imports field not imported from: ‘gstat’
     All declared Imports should be used.
Flavors: r-devel-linux-x86_64-fedora-clang, r-devel-linux-x86_64-fedora-gcc, r-patched-solaris-x86, r-release-osx-x86_64, r-oldrel-osx-x86_64