Last updated on 2020-01-20 01:50:18 CET.
Flavor | Version | Tinstall | Tcheck | Ttotal | Status | Flags |
---|---|---|---|---|---|---|
r-devel-linux-x86_64-debian-clang | 0.0.4 | 4.49 | 87.94 | 92.43 | NOTE | |
r-devel-linux-x86_64-debian-gcc | 0.0.4 | 3.20 | 61.83 | 65.03 | NOTE | |
r-devel-linux-x86_64-fedora-clang | 0.0.4 | 109.50 | NOTE | |||
r-devel-linux-x86_64-fedora-gcc | 0.0.4 | 99.67 | NOTE | |||
r-devel-windows-ix86+x86_64 | 0.0.4 | 11.00 | 131.00 | 142.00 | NOTE | |
r-devel-windows-ix86+x86_64-gcc8 | 0.0.4 | 9.00 | 145.00 | 154.00 | NOTE | |
r-patched-linux-x86_64 | 0.0.4 | 3.94 | 76.36 | 80.30 | NOTE | |
r-patched-solaris-x86 | 0.0.4 | 155.00 | NOTE | |||
r-release-linux-x86_64 | 0.0.4 | 3.74 | 77.16 | 80.90 | NOTE | |
r-release-windows-ix86+x86_64 | 0.0.4 | 11.00 | 86.00 | 97.00 | NOTE | |
r-release-osx-x86_64 | 0.0.4 | NOTE | ||||
r-oldrel-windows-ix86+x86_64 | 0.0.4 | 5.00 | 85.00 | 90.00 | NOTE | |
r-oldrel-osx-x86_64 | 0.0.4 | NOTE |
Version: 0.0.4
Check: DESCRIPTION meta-information
Result: NOTE
BugReports field is not a suitable URL but contains an email address:
use the Contact field instead
Flavors: r-devel-linux-x86_64-debian-clang, r-devel-linux-x86_64-debian-gcc, r-devel-linux-x86_64-fedora-clang, r-devel-linux-x86_64-fedora-gcc, r-devel-windows-ix86+x86_64, r-devel-windows-ix86+x86_64-gcc8, r-patched-linux-x86_64, r-patched-solaris-x86, r-release-linux-x86_64, r-release-windows-ix86+x86_64
Version: 0.0.4
Check: DESCRIPTION meta-information
Result: NOTE
BugReports field is not a suitable URL but contains an email address
which will be used as from R 3.4.0
Flavors: r-release-osx-x86_64, r-oldrel-windows-ix86+x86_64, r-oldrel-osx-x86_64