CRAN Package Check Results for Package crop

Last updated on 2020-01-20 01:50:18 CET.

Flavor Version Tinstall Tcheck Ttotal Status Flags
r-devel-linux-x86_64-debian-clang 0.0-2 1.75 17.56 19.31 NOTE
r-devel-linux-x86_64-debian-gcc 0.0-2 1.35 14.18 15.53 NOTE
r-devel-linux-x86_64-fedora-clang 0.0-2 24.68 NOTE
r-devel-linux-x86_64-fedora-gcc 0.0-2 23.44 NOTE
r-devel-windows-ix86+x86_64 0.0-2 6.00 26.00 32.00 OK
r-devel-windows-ix86+x86_64-gcc8 0.0-2 5.00 39.00 44.00 OK
r-patched-linux-x86_64 0.0-2 1.38 16.43 17.81 OK
r-patched-solaris-x86 0.0-2 33.40 OK
r-release-linux-x86_64 0.0-2 1.30 16.33 17.63 OK
r-release-windows-ix86+x86_64 0.0-2 4.00 34.00 38.00 OK
r-release-osx-x86_64 0.0-2 OK
r-oldrel-windows-ix86+x86_64 0.0-2 2.00 23.00 25.00 OK
r-oldrel-osx-x86_64 0.0-2 OK

Check Details

Version: 0.0-2
Check: for non-standard things in the check directory
Result: NOTE
    Found the following files/directories:
     'crop.eps' 'crop.pdf' 'crop.png' 'crop.ps'
Flavors: r-devel-linux-x86_64-debian-clang, r-devel-linux-x86_64-debian-gcc, r-devel-linux-x86_64-fedora-clang, r-devel-linux-x86_64-fedora-gcc