Last updated on 2020-01-20 01:50:18 CET.
Flavor | Version | Tinstall | Tcheck | Ttotal | Status | Flags |
---|---|---|---|---|---|---|
r-devel-linux-x86_64-debian-clang | 0.2.3 | 9.96 | 92.20 | 102.16 | OK | |
r-devel-linux-x86_64-debian-gcc | 0.2.3 | 8.71 | 70.43 | 79.14 | OK | |
r-devel-linux-x86_64-fedora-clang | 0.2.3 | 124.84 | NOTE | |||
r-devel-linux-x86_64-fedora-gcc | 0.2.3 | 119.86 | NOTE | |||
r-devel-windows-ix86+x86_64 | 0.2.3 | 34.00 | 139.00 | 173.00 | OK | |
r-devel-windows-ix86+x86_64-gcc8 | 0.2.3 | 25.00 | 156.00 | 181.00 | OK | |
r-patched-linux-x86_64 | 0.2.3 | 9.18 | 82.29 | 91.47 | OK | |
r-patched-solaris-x86 | 0.2.3 | 188.20 | NOTE | |||
r-release-linux-x86_64 | 0.2.3 | 10.03 | 81.10 | 91.13 | OK | |
r-release-windows-ix86+x86_64 | 0.2.3 | 32.00 | 151.00 | 183.00 | OK | |
r-release-osx-x86_64 | 0.2.3 | NOTE | ||||
r-oldrel-windows-ix86+x86_64 | 0.2.3 | 12.00 | 89.00 | 101.00 | OK | |
r-oldrel-osx-x86_64 | 0.2.3 | NOTE |
Version: 0.2.3
Check: data for non-ASCII characters
Result: NOTE
Note: found 500 marked UTF-8 strings
Flavors: r-devel-linux-x86_64-fedora-clang, r-devel-linux-x86_64-fedora-gcc, r-patched-solaris-x86, r-release-osx-x86_64, r-oldrel-osx-x86_64