CRAN Package Check Results for Package csp

Last updated on 2020-01-20 01:50:18 CET.

Flavor Version Tinstall Tcheck Ttotal Status Flags
r-devel-linux-x86_64-debian-clang 0.1.0 116.93 174.03 290.96 OK
r-devel-linux-x86_64-debian-gcc 0.1.0 112.72 141.75 254.47 OK
r-devel-linux-x86_64-fedora-clang 0.1.0 395.89 NOTE
r-devel-linux-x86_64-fedora-gcc 0.1.0 403.42 NOTE
r-devel-windows-ix86+x86_64 0.1.0 215.00 231.00 446.00 NOTE
r-devel-windows-ix86+x86_64-gcc8 0.1.0 190.00 240.00 430.00 NOTE
r-patched-linux-x86_64 0.1.0 122.61 173.18 295.79 OK
r-patched-solaris-x86 0.1.0 257.90 ERROR
r-release-linux-x86_64 0.1.0 119.64 174.93 294.57 OK
r-release-windows-ix86+x86_64 0.1.0 217.00 193.00 410.00 NOTE
r-release-osx-x86_64 0.1.0 NOTE
r-oldrel-windows-ix86+x86_64 0.1.0 170.00 182.00 352.00 NOTE
r-oldrel-osx-x86_64 0.1.0 NOTE

Check Details

Version: 0.1.0
Check: installed package size
Result: NOTE
     installed size is 11.0Mb
     sub-directories of 1Mb or more:
     data 10.9Mb
Flavors: r-devel-linux-x86_64-fedora-clang, r-devel-windows-ix86+x86_64, r-devel-windows-ix86+x86_64-gcc8, r-release-windows-ix86+x86_64, r-release-osx-x86_64, r-oldrel-windows-ix86+x86_64, r-oldrel-osx-x86_64

Version: 0.1.0
Check: data for non-ASCII characters
Result: NOTE
     Note: found 59670 marked Latin-1 strings
     Note: found 16 marked UTF-8 strings
Flavors: r-devel-linux-x86_64-fedora-clang, r-devel-linux-x86_64-fedora-gcc, r-release-osx-x86_64, r-oldrel-osx-x86_64

Version: 0.1.0
Check: whether package can be installed
Result: ERROR
    Installation failed.
Flavor: r-patched-solaris-x86