Last updated on 2020-01-20 01:50:18 CET.
Flavor | Version | Tinstall | Tcheck | Ttotal | Status | Flags |
---|---|---|---|---|---|---|
r-devel-linux-x86_64-debian-clang | 1.0.2 | 10.30 | 86.55 | 96.85 | NOTE | |
r-devel-linux-x86_64-debian-gcc | 1.0.2 | 9.12 | 67.55 | 76.67 | NOTE | |
r-devel-linux-x86_64-fedora-clang | 1.0.2 | 116.95 | NOTE | |||
r-devel-linux-x86_64-fedora-gcc | 1.0.2 | 113.09 | NOTE | |||
r-devel-windows-ix86+x86_64 | 1.0.2 | 43.00 | 127.00 | 170.00 | NOTE | |
r-devel-windows-ix86+x86_64-gcc8 | 1.0.2 | 26.00 | 140.00 | 166.00 | NOTE | |
r-patched-linux-x86_64 | 1.0.2 | 8.74 | 75.44 | 84.18 | OK | |
r-patched-solaris-x86 | 1.0.2 | 161.70 | NOTE | |||
r-release-linux-x86_64 | 1.0.2 | 8.35 | 76.32 | 84.67 | OK | |
r-release-windows-ix86+x86_64 | 1.0.2 | 37.00 | 122.00 | 159.00 | OK | |
r-release-osx-x86_64 | 1.0.2 | NOTE | ||||
r-oldrel-windows-ix86+x86_64 | 1.0.2 | 11.00 | 83.00 | 94.00 | OK | |
r-oldrel-osx-x86_64 | 1.0.2 | NOTE |
Version: 1.0.2
Check: package vignettes
Result: NOTE
Package vignette with placeholder title 'Vignette Title':
'datadigest.Rmd'
Flavors: r-devel-linux-x86_64-debian-clang, r-devel-linux-x86_64-debian-gcc, r-devel-windows-ix86+x86_64, r-devel-windows-ix86+x86_64-gcc8
Version: 1.0.2
Check: dependencies in R code
Result: NOTE
Namespace in Imports field not imported from: ‘miniUI’
All declared Imports should be used.
Flavors: r-devel-linux-x86_64-fedora-clang, r-devel-linux-x86_64-fedora-gcc, r-patched-solaris-x86, r-release-osx-x86_64, r-oldrel-osx-x86_64