Last updated on 2020-01-20 01:50:18 CET.
Flavor | Version | Tinstall | Tcheck | Ttotal | Status | Flags |
---|---|---|---|---|---|---|
r-devel-linux-x86_64-debian-clang | 2.16.0 | 8.62 | 162.01 | 170.63 | OK | |
r-devel-linux-x86_64-debian-gcc | 2.16.0 | 8.05 | 129.36 | 137.41 | OK | |
r-devel-linux-x86_64-fedora-clang | 2.16.0 | 204.74 | NOTE | |||
r-devel-linux-x86_64-fedora-gcc | 2.16.0 | 208.00 | NOTE | |||
r-devel-windows-ix86+x86_64 | 2.16.0 | 29.00 | 191.00 | 220.00 | NOTE | |
r-devel-windows-ix86+x86_64-gcc8 | 2.16.0 | 19.00 | 213.00 | 232.00 | NOTE | |
r-patched-linux-x86_64 | 2.16.0 | 9.31 | 151.11 | 160.42 | OK | |
r-patched-solaris-x86 | 2.16.0 | 166.40 | NOTE | |||
r-release-linux-x86_64 | 2.16.0 | 9.28 | 151.21 | 160.49 | OK | |
r-release-windows-ix86+x86_64 | 2.16.0 | 27.00 | 179.00 | 206.00 | NOTE | |
r-release-osx-x86_64 | 2.16.0 | NOTE | ||||
r-oldrel-windows-ix86+x86_64 | 2.16.0 | 17.00 | 106.00 | 123.00 | NOTE | |
r-oldrel-osx-x86_64 | 2.16.0 | NOTE |
Version: 2.16.0
Check: installed package size
Result: NOTE
installed size is 8.8Mb
sub-directories of 1Mb or more:
doc 2.2Mb
extdata 5.5Mb
Flavors: r-devel-linux-x86_64-fedora-clang, r-devel-windows-ix86+x86_64, r-devel-windows-ix86+x86_64-gcc8, r-patched-solaris-x86, r-release-windows-ix86+x86_64, r-release-osx-x86_64, r-oldrel-windows-ix86+x86_64, r-oldrel-osx-x86_64
Version: 2.16.0
Check: dependencies in R code
Result: NOTE
Namespace in Imports field not imported from: ‘curl’
All declared Imports should be used.
Flavors: r-devel-linux-x86_64-fedora-clang, r-devel-linux-x86_64-fedora-gcc, r-patched-solaris-x86, r-release-osx-x86_64, r-oldrel-osx-x86_64