Last updated on 2020-01-20 01:50:19 CET.
Flavor | Version | Tinstall | Tcheck | Ttotal | Status | Flags |
---|---|---|---|---|---|---|
r-devel-linux-x86_64-debian-clang | 1.1.4 | 4.71 | 28.37 | 33.08 | NOTE | |
r-devel-linux-x86_64-debian-gcc | 1.1.4 | 3.74 | 22.02 | 25.76 | NOTE | |
r-devel-linux-x86_64-fedora-clang | 1.1.4 | 39.99 | NOTE | |||
r-devel-linux-x86_64-fedora-gcc | 1.1.4 | 38.76 | NOTE | |||
r-devel-windows-ix86+x86_64 | 1.1.4 | 14.00 | 48.00 | 62.00 | OK | |
r-devel-windows-ix86+x86_64-gcc8 | 1.1.4 | 11.00 | 81.00 | 92.00 | OK | |
r-patched-linux-x86_64 | 1.1.4 | 4.03 | 25.59 | 29.62 | OK | |
r-patched-solaris-x86 | 1.1.4 | 50.20 | OK | |||
r-release-linux-x86_64 | 1.1.4 | 3.67 | 25.40 | 29.07 | OK | |
r-release-windows-ix86+x86_64 | 1.1.4 | 15.00 | 44.00 | 59.00 | OK | |
r-release-osx-x86_64 | 1.1.4 | OK | ||||
r-oldrel-windows-ix86+x86_64 | 1.1.4 | 8.00 | 41.00 | 49.00 | OK | |
r-oldrel-osx-x86_64 | 1.1.4 | OK |
Version: 1.1.4
Check: for non-standard things in the check directory
Result: NOTE
Found the following files/directories:
'x.R' 'x.sps' 'x.txt'
Flavors: r-devel-linux-x86_64-debian-clang, r-devel-linux-x86_64-debian-gcc, r-devel-linux-x86_64-fedora-clang, r-devel-linux-x86_64-fedora-gcc