Last updated on 2020-01-20 01:50:19 CET.
Flavor | Version | Tinstall | Tcheck | Ttotal | Status | Flags |
---|---|---|---|---|---|---|
r-devel-linux-x86_64-debian-clang | 0.0.3 | 30.33 | 63.43 | 93.76 | NOTE | |
r-devel-linux-x86_64-debian-gcc | 0.0.3 | 24.32 | 48.65 | 72.97 | NOTE | |
r-devel-linux-x86_64-fedora-clang | 0.0.3 | 120.39 | NOTE | |||
r-devel-linux-x86_64-fedora-gcc | 0.0.3 | 117.07 | NOTE | |||
r-devel-windows-ix86+x86_64 | 0.0.3 | 95.00 | 150.00 | 245.00 | NOTE | |
r-devel-windows-ix86+x86_64-gcc8 | 0.0.3 | 75.00 | 172.00 | 247.00 | NOTE | |
r-patched-linux-x86_64 | 0.0.3 | 25.11 | 58.73 | 83.84 | NOTE | |
r-patched-solaris-x86 | 0.0.3 | 147.60 | NOTE | |||
r-release-linux-x86_64 | 0.0.3 | 24.33 | 58.61 | 82.94 | NOTE | |
r-release-windows-ix86+x86_64 | 0.0.3 | 85.00 | 160.00 | 245.00 | NOTE | |
r-release-osx-x86_64 | 0.0.3 | NOTE | ||||
r-oldrel-osx-x86_64 | 0.0.3 | ERROR |
Version: 0.0.3
Check: for GNU extensions in Makefiles
Result: NOTE
GNU make is a SystemRequirements.
Flavors: r-devel-linux-x86_64-debian-clang, r-devel-linux-x86_64-debian-gcc, r-devel-linux-x86_64-fedora-clang, r-devel-linux-x86_64-fedora-gcc, r-devel-windows-ix86+x86_64, r-devel-windows-ix86+x86_64-gcc8, r-patched-linux-x86_64, r-patched-solaris-x86, r-release-linux-x86_64, r-release-windows-ix86+x86_64, r-release-osx-x86_64
Version: 0.0.3
Check: package dependencies
Result: NOTE
Package suggested but not available for checking: ‘RcppRedis’
Flavor: r-patched-solaris-x86
Version: 0.0.3
Check: whether package can be installed
Result: ERROR
Installation failed.
Flavor: r-oldrel-osx-x86_64