CRAN Package Check Results for Package dlookr

Last updated on 2020-01-20 01:50:19 CET.

Flavor Version Tinstall Tcheck Ttotal Status Flags
r-devel-linux-x86_64-debian-clang 0.3.13 21.86 261.94 283.80 OK
r-devel-linux-x86_64-debian-gcc 0.3.13 18.95 199.51 218.46 OK
r-devel-linux-x86_64-fedora-clang 0.3.13 332.14 NOTE
r-devel-linux-x86_64-fedora-gcc 0.3.13 353.15 OK
r-devel-windows-ix86+x86_64 0.3.13 84.00 406.00 490.00 NOTE
r-devel-windows-ix86+x86_64-gcc8 0.3.13 56.00 440.00 496.00 NOTE
r-patched-linux-x86_64 0.3.13 18.66 234.95 253.61 OK
r-patched-solaris-x86 0.3.13 509.10 NOTE
r-release-linux-x86_64 0.3.13 19.22 238.64 257.86 OK
r-release-windows-ix86+x86_64 0.3.13 59.00 395.00 454.00 NOTE
r-release-osx-x86_64 0.3.13 WARN
r-oldrel-windows-ix86+x86_64 0.3.13 28.00 239.00 267.00 NOTE
r-oldrel-osx-x86_64 0.3.13 WARN

Check Details

Version: 0.3.13
Check: installed package size
Result: NOTE
     installed size is 5.1Mb
     sub-directories of 1Mb or more:
     doc 4.4Mb
Flavors: r-devel-linux-x86_64-fedora-clang, r-devel-windows-ix86+x86_64, r-devel-windows-ix86+x86_64-gcc8, r-patched-solaris-x86, r-release-windows-ix86+x86_64, r-release-osx-x86_64, r-oldrel-windows-ix86+x86_64, r-oldrel-osx-x86_64

Version: 0.3.13
Check: dependencies in R code
Result: NOTE
    No protocol specified
    No protocol specified
Flavors: r-release-osx-x86_64, r-oldrel-osx-x86_64

Version: 0.3.13
Check: S3 generic/method consistency
Result: WARN
    No protocol specified
    No protocol specified
    See section ‘Generic functions and methods’ in the ‘Writing R
    Extensions’ manual.
Flavors: r-release-osx-x86_64, r-oldrel-osx-x86_64

Version: 0.3.13
Check: replacement functions
Result: WARN
    No protocol specified
    No protocol specified
    The argument of a replacement function which corresponds to the right
    hand side must be named ‘value’.
Flavors: r-release-osx-x86_64, r-oldrel-osx-x86_64

Version: 0.3.13
Check: foreign function calls
Result: NOTE
    No protocol specified
    No protocol specified
    See chapter ‘System and foreign language interfaces’ in the ‘Writing R
    Extensions’ manual.
Flavors: r-release-osx-x86_64, r-oldrel-osx-x86_64

Version: 0.3.13
Check: R code for possible problems
Result: NOTE
    No protocol specified
    No protocol specified
Flavors: r-release-osx-x86_64, r-oldrel-osx-x86_64

Version: 0.3.13
Check: for missing documentation entries
Result: WARN
    No protocol specified
    No protocol specified
    All user-level objects in a package should have documentation entries.
    See chapter ‘Writing R documentation files’ in the ‘Writing R
    Extensions’ manual.
Flavors: r-release-osx-x86_64, r-oldrel-osx-x86_64

Version: 0.3.13
Check: for code/documentation mismatches
Result: WARN
    No protocol specified
    No protocol specified
    No protocol specified
    No protocol specified
    No protocol specified
    No protocol specified
Flavors: r-release-osx-x86_64, r-oldrel-osx-x86_64

Version: 0.3.13
Check: Rd \usage sections
Result: NOTE
    No protocol specified
    No protocol specified
    The \usage entries for S3 methods should use the \method markup and not
    their full name.
    See chapter ‘Writing R documentation files’ in the ‘Writing R
    Extensions’ manual.
Flavors: r-release-osx-x86_64, r-oldrel-osx-x86_64