Last updated on 2020-01-20 01:50:19 CET.
Flavor | Version | Tinstall | Tcheck | Ttotal | Status | Flags |
---|---|---|---|---|---|---|
r-devel-linux-x86_64-debian-clang | 1.7.1 | 2.76 | 66.25 | 69.01 | OK | |
r-devel-linux-x86_64-debian-gcc | 1.7.1 | 2.36 | 52.57 | 54.93 | OK | |
r-devel-linux-x86_64-fedora-clang | 1.7.1 | 96.50 | OK | |||
r-devel-linux-x86_64-fedora-gcc | 1.7.1 | 93.27 | OK | |||
r-devel-windows-ix86+x86_64 | 1.7.1 | 9.00 | 119.00 | 128.00 | OK | |
r-devel-windows-ix86+x86_64-gcc8 | 1.7.1 | 7.00 | 146.00 | 153.00 | OK | |
r-patched-linux-x86_64 | 1.7.1 | 2.08 | 32.88 | 34.96 | WARN | |
r-patched-solaris-x86 | 1.7.1 | 137.00 | OK | |||
r-release-linux-x86_64 | 1.7.1 | 2.41 | 62.54 | 64.95 | OK | |
r-release-windows-ix86+x86_64 | 1.7.1 | 9.00 | 112.00 | 121.00 | OK | |
r-release-osx-x86_64 | 1.7.1 | NOTE | ||||
r-oldrel-windows-ix86+x86_64 | 1.7.1 | 3.00 | 87.00 | 90.00 | OK | |
r-oldrel-osx-x86_64 | 1.7.1 | NOTE |
Version: 1.7.1
Check: re-building of vignette outputs
Result: WARN
Error(s) in re-building vignettes:
...
--- re-building ‘doRNG.Rnw’ using knitr
Quitting from lines 287-322 (doRNG.Rnw)
Error: processing vignette 'doRNG.Rnw' failed with diagnostics:
cannot open the connection
--- failed re-building ‘doRNG.Rnw’
SUMMARY: processing the following file failed:
‘doRNG.Rnw’
Error: Vignette re-building failed.
Execution halted
Flavor: r-patched-linux-x86_64
Version: 1.7.1
Check: package dependencies
Result: NOTE
Package suggested but not available for checking: ‘doMPI’
Flavors: r-release-osx-x86_64, r-oldrel-osx-x86_64
Version: 1.7.1
Check: Rd cross-references
Result: NOTE
Package unavailable to check Rd xrefs: ‘doMPI’
Flavors: r-release-osx-x86_64, r-oldrel-osx-x86_64