Last updated on 2020-01-20 01:50:19 CET.
Flavor | Version | Tinstall | Tcheck | Ttotal | Status | Flags |
---|---|---|---|---|---|---|
r-devel-linux-x86_64-debian-clang | 0.1.8 | 15.89 | 33.74 | 49.63 | NOTE | |
r-devel-linux-x86_64-debian-gcc | 0.1.8 | 9.49 | 26.01 | 35.50 | NOTE | |
r-devel-linux-x86_64-fedora-clang | 0.1.8 | 61.25 | NOTE | |||
r-devel-linux-x86_64-fedora-gcc | 0.1.8 | 56.45 | NOTE | |||
r-devel-windows-ix86+x86_64 | 0.1.8 | 51.00 | 107.00 | 158.00 | OK | |
r-devel-windows-ix86+x86_64-gcc8 | 0.1.8 | 39.00 | 124.00 | 163.00 | OK | |
r-patched-linux-x86_64 | 0.1.8 | 10.26 | 29.58 | 39.84 | OK | |
r-patched-solaris-x86 | 0.1.8 | 66.30 | OK | |||
r-release-linux-x86_64 | 0.1.8 | 9.70 | 29.86 | 39.56 | OK | |
r-release-windows-ix86+x86_64 | 0.1.8 | 55.00 | 120.00 | 175.00 | OK | |
r-release-osx-x86_64 | 0.1.8 | OK | ||||
r-oldrel-windows-ix86+x86_64 | 0.1.8 | 35.00 | 79.00 | 114.00 | OK | |
r-oldrel-osx-x86_64 | 0.1.8 | OK |
Version: 0.1.8
Check: for non-standard things in the check directory
Result: NOTE
Found the following files/directories:
'ansic_gram.c'
Flavors: r-devel-linux-x86_64-debian-clang, r-devel-linux-x86_64-debian-gcc, r-devel-linux-x86_64-fedora-clang, r-devel-linux-x86_64-fedora-gcc