CRAN Package Check Results for Package dscore

Last updated on 2020-01-20 01:50:19 CET.

Flavor Version Tinstall Tcheck Ttotal Status Flags
r-devel-linux-x86_64-debian-gcc 1.0.0 22.16 44.89 67.05 OK
r-devel-linux-x86_64-fedora-clang 1.0.0 129.13 NOTE
r-devel-linux-x86_64-fedora-gcc 1.0.0 113.87 NOTE
r-devel-windows-ix86+x86_64-gcc8 1.0.0 92.00 143.00 235.00 OK
r-patched-solaris-x86 1.0.0 124.70 NOTE
r-release-windows-ix86+x86_64 1.0.0 91.00 160.00 251.00 OK
r-release-osx-x86_64 1.0.0 NOTE
r-oldrel-osx-x86_64 1.0.0 NOTE

Check Details

Version: 1.0.0
Check: data for non-ASCII characters
Result: NOTE
     Note: found 3 marked UTF-8 strings
Flavors: r-devel-linux-x86_64-fedora-clang, r-devel-linux-x86_64-fedora-gcc, r-patched-solaris-x86, r-release-osx-x86_64, r-oldrel-osx-x86_64